{"id":3980,"date":"2013-08-29T16:56:42","date_gmt":"2013-08-29T16:56:42","guid":{"rendered":"https:\/\/santosvieiralda.com\/?page_id=3980"},"modified":"2013-12-31T13:30:44","modified_gmt":"2013-12-31T13:30:44","slug":"seguranca-e-higiene-no-trabalho","status":"publish","type":"page","link":"https:\/\/santosvieiralda.com\/?page_id=3980","title":{"rendered":"Seguran\u00e7a e Higiene no Trabalho"},"content":{"rendered":"<p style=\"text-align: justify;\">\u00a0<div class=\"aq-template-wrapper aq_row\"><div class=\"aq_span6 clearfix aq-first\"><\/p>\n<p style=\"text-align: justify;\"><iframe src=\"\/\/player.vimeo.com\/video\/73892843?title=0&amp;byline=0&amp;portrait=0&amp;color=ffffff&amp;autoplay=0&amp;loop=1;portrait=1\" height=\"260\" width=\"310\" allowfullscreen=\"\" frameborder=\"0\"><\/iframe><\/p>\n<p><\/div><div class=\"aq_span6 clearfix omega\"><\/div><\/div><\/p>\n<p style=\"text-align: justify;\">A <strong>Santos &amp; Vieira<\/strong> proporciona servi\u00e7os de Seguran\u00e7a e Higiene no Trabalho, que para al\u00e9m de uma obrigatoriedade legal, favorecem o bem-estar dos seus trabalhadores nos locais de trabalho contribuindo para um bom desempenho profissional, para preven\u00e7\u00e3o dos riscos profissionais e a promo\u00e7\u00e3o da sa\u00fade dos trabalhadores, reduzindo as taxas de absentismo e sinistralidade e aumentando os \u00edndices de motiva\u00e7\u00e3o dos colaboradores e consequentemente aumento de produtividade.<\/p>\n<p style=\"text-align: justify;\">Este servi\u00e7o \u00e9 efectuado por T\u00e9cnicos Superiores de Seguran\u00e7a e Higiene no Trabalho e o processo baseia-se na consolida\u00e7\u00e3o de um conjunto de metodologias adequadas \u00e0 preven\u00e7\u00e3o de acidentes de trabalho, tendo como principal campo de ac\u00e7\u00e3o o reconhecimento e o controlo dos riscos associados ao local de trabalho e ao processo produtivo, com apresenta\u00e7\u00e3o de medidas correctivas e acompanhamento da sua implementa\u00e7\u00e3o.<\/p>\n<h4>Servi\u00e7os prestados no \u00e2mbito da Seguran\u00e7a e Higiene no Trabalho<\/h4>\n<ul>\n<li>Seguran\u00e7a e Higiene no Trabalho:\n<ul class=\"arrow\">\n<li>Verifica\u00e7\u00e3o das condi\u00e7\u00f5es de Seguran\u00e7a no Trabalho;<\/li>\n<li>Elabora\u00e7\u00e3o do relat\u00f3rio com as medidas preventivas e corretivas a implementar;<\/li>\n<li>Elabora\u00e7\u00e3o do Plano de A\u00e7\u00e3o de Seguran\u00e7a e Higiene no Trabalho;<\/li>\n<li>Aconselhamento sobre sinaliza\u00e7\u00e3o de seguran\u00e7a no trabalho;<\/li>\n<li>Aconselhamento sobre utiliza\u00e7\u00e3o de Equipamentos de Prote\u00e7\u00e3o individual;<\/li>\n<li>Informa\u00e7\u00e3o sobre seguran\u00e7a e higiene no trabalho;<\/li>\n<li>Organiza\u00e7\u00e3o do Dossier de Seguran\u00e7a e Higiene no Trabalho;<\/li>\n<li><a href=\"https:\/\/santosvieiralda.com\/servico10.htm\">Relat\u00f3rio \u00danico (Anexo D)<\/a>;<\/li>\n<\/ul>\n<\/li>\n<li>An\u00e1lise de Acidentes de Trabalho:\n<ul class=\"arrow\">\n<li>Estudo sobre acidentes de trabalho, doen\u00e7as profissionais \u2013 Hist\u00f3rico empresa;<\/li>\n<li>Tratamento estat\u00edstico dos acidentes participados pelas empresas;<\/li>\n<li>Realiza\u00e7\u00e3o de relat\u00f3rios de an\u00e1lise de acidentes e apresenta\u00e7\u00e3o de medidas preventivas e instru\u00e7\u00f5es de seguran\u00e7a;<\/li>\n<\/ul>\n<\/li>\n<li><a href=\"https:\/\/santosvieiralda.com\/servico02.htm\">Avalia\u00e7\u00e3o de Riscos<\/a>:\n<ul class=\"arrow\">\n<li>An\u00e1lise da atividade e identifica\u00e7\u00e3o de perigos associados;<\/li>\n<li>Elabora\u00e7\u00e3o de relat\u00f3rio, instru\u00e7\u00f5es de seguran\u00e7a e avalia\u00e7\u00e3o de riscos profissionais, com as medidas preventivas e corretivas a implementar;<\/li>\n<\/ul>\n<\/li>\n<li>Medi\u00e7\u00e3o dos Par\u00e2metros do Ambiente de Trabalho:\n<ul class=\"arrow\">\n<li><a href=\"https:\/\/santosvieiralda.com\/servico05.htm\">Ilumina\u00e7\u00e3o<\/a>;<\/li>\n<li><a href=\"https:\/\/santosvieiralda.com\/servico03.htm\">Ru\u00eddo<\/a>;<\/li>\n<li><a href=\"https:\/\/santosvieiralda.com\/vibracoes.htm\">Vibra\u00e7\u00f5es<\/a>;<\/li>\n<li><a href=\"https:\/\/santosvieiralda.com\/qualarint.htm\">Qualidade do Ar Interior<\/a>;<\/li>\n<li><a href=\"https:\/\/santosvieiralda.com\/servico04.htm\">Ambiente T\u00e9rmico<\/a>;<\/li>\n<\/ul>\n<ul>\n<li><a href=\"https:\/\/santosvieiralda.com\/autoprotec.htm\">Medidas de Autoprote\u00e7\u00e3o<\/a>:\n<ul class=\"arrow\">\n<li>Elabora\u00e7\u00e3o e implementa\u00e7\u00e3o das medidas de autoprote\u00e7\u00e3o exig\u00edveis, nomeadamente:<\/li>\n<\/ul>\n<\/li>\n<\/ul>\n<\/li>\n<\/ul>\n<p style=\"padding-left: 120px;\"><i class=\"icon-check\" style=\"font-size:14px\"><\/i>Registos de Seguran\u00e7a;<br \/>\n<i class=\"icon-check\" style=\"font-size:14px\"><\/i>Procedimentos ou Plano de Emerg\u00eancia;<br \/>\n<i class=\"icon-check\" style=\"font-size:14px\"><\/i>Plano de Emerg\u00eancia Interno;<br \/>\n<i class=\"icon-check\" style=\"font-size:14px\"><\/i>Simulacros.<br \/>\n<i class=\"icon-check\" style=\"font-size:14px\"><\/i>Procedimentos ou Plano de Preven\u00e7\u00e3o;<\/p>\n<p align=\"justify\">Sendo de <strong>obrigatoriedade legal para todos os edif\u00edcios e recintos<\/strong>, as medidas de autoprote\u00e7\u00e3o consistem num conjunto de manuais cuja complexidade ser\u00e1 definida pelas caracter\u00edsticas da instala\u00e7\u00e3o. Para al\u00e9m dos manuais de prote\u00e7\u00e3o, poder\u00e1 ainda ser necess\u00e1ria a realiza\u00e7\u00e3o de a\u00e7\u00f5es de forma\u00e7\u00e3o em Seguran\u00e7a contra Inc\u00eandios em Edif\u00edcios e exerc\u00edcios de simulacro.<\/p>\n<h5 align=\"justify\"><div class=\"alert alert-success\"> <span class=\" icon-check\"><\/span>  <button data-dismiss=\"alert\" class=\"close\" type=\"button\">x<\/button>Fa\u00e7a-nos uma consulta sem compromisso. Estamos dispon\u00edveis para elaborar a melhor proposta para satisfazer as suas necessidades de neg\u00f3cio!<\/div>[button class=&#8221;btn_smallblue&#8221; url=&#8221;\/?page_id=4329&#8243; text=&#8221;Solicite-nos uma Proposta&#8221;]<\/h5>\n","protected":false},"excerpt":{"rendered":"<p>\u00a0 A Santos &amp; Vieira proporciona servi\u00e7os de Seguran\u00e7a e Higiene no Trabalho, que para al\u00e9m de uma obrigatoriedade legal, favorecem o bem-estar dos seus trabalhadores nos locais de trabalho contribuindo para um bom desempenho profissional, para preven\u00e7\u00e3o dos riscos profissionais e a promo\u00e7\u00e3o da sa\u00fade dos trabalhadores, reduzindo as taxas de absentismo e sinistralidade [&hellip;]<\/p>\n","protected":false},"author":1,"featured_media":0,"parent":35,"menu_order":1,"comment_status":"open","ping_status":"open","template":"","meta":[],"_links":{"self":[{"href":"https:\/\/santosvieiralda.com\/index.php?rest_route=\/wp\/v2\/pages\/3980"}],"collection":[{"href":"https:\/\/santosvieiralda.com\/index.php?rest_route=\/wp\/v2\/pages"}],"about":[{"href":"https:\/\/santosvieiralda.com\/index.php?rest_route=\/wp\/v2\/types\/page"}],"author":[{"embeddable":true,"href":"https:\/\/santosvieiralda.com\/index.php?rest_route=\/wp\/v2\/users\/1"}],"replies":[{"embeddable":true,"href":"https:\/\/santosvieiralda.com\/index.php?rest_route=%2Fwp%2Fv2%2Fcomments&post=3980"}],"version-history":[{"count":56,"href":"https:\/\/santosvieiralda.com\/index.php?rest_route=\/wp\/v2\/pages\/3980\/revisions"}],"predecessor-version":[{"id":5040,"href":"https:\/\/santosvieiralda.com\/index.php?rest_route=\/wp\/v2\/pages\/3980\/revisions\/5040"}],"up":[{"embeddable":true,"href":"https:\/\/santosvieiralda.com\/index.php?rest_route=\/wp\/v2\/pages\/35"}],"wp:attachment":[{"href":"https:\/\/santosvieiralda.com\/index.php?rest_route=%2Fwp%2Fv2%2Fmedia&parent=3980"}],"curies":[{"name":"wp","href":"https:\/\/api.w.org\/{rel}","templated":true}]}}