{"id":4234,"date":"2013-09-01T09:57:51","date_gmt":"2013-09-01T09:57:51","guid":{"rendered":"https:\/\/santosvieiralda.com\/?page_id=4234"},"modified":"2014-01-05T22:43:22","modified_gmt":"2014-01-05T22:43:22","slug":"apresentacao","status":"publish","type":"page","link":"https:\/\/santosvieiralda.com\/?page_id=4234","title":{"rendered":"Quem Somos"},"content":{"rendered":"<div class=\"aq-template-wrapper aq_row\"><div class=\"aq_span6 clearfix aq-first\"><\/p>\n<p style=\"text-align: justify;\" align=\"justify\">A<strong> Santos &amp; Vieira Lda <\/strong>\u00e9 um prestador de servi\u00e7os, cujo objectivo principal \u00e9 trabalhar em parceria com os seus clientes, apresentar-lhes as solu\u00e7\u00f5es mais adequadas \u00e0 especificidade de cada um e contribuir para o aumento da competitividade e produtividade das empresas assegurando assim, que as mesmas cumpram os requisitos legais em vigor, nomeadamente nas \u00e1reas da Seguran\u00e7a, Sa\u00fade e Forma\u00e7\u00e3o dos Trabalhadores.<\/p>\n<div style=\"text-align: justify;\" align=\"justify\">Destaca-se por integrar uma equipa profissionais certificados, nas diferentes \u00e1reas, que actuam em estreita colabora\u00e7\u00e3o com as empresas clientes no sentido de implementar e desenvolver um sistema integrado de vigil\u00e2ncia da sa\u00fade e preven\u00e7\u00e3o de riscos profissionais, com vista a proporcionar condi\u00e7\u00f5es de trabalho mais seguras e saud\u00e1veis, contribuindo para uma melhoria efectiva da qualidade e produtividade das empresas.<\/div>\n<p><\/div><div class=\"aq_span6 clearfix omega\"><img loading=\"lazy\" class=\"aligncenter size-medium wp-image-5193\" alt=\"quem_somos\" src=\"http:\/\/santosvieiralda.com\/wp-content\/uploads\/2013\/09\/quem_somos1-300x202.jpg\" width=\"300\" height=\"202\" srcset=\"https:\/\/santosvieiralda.com\/wp-content\/uploads\/2013\/09\/quem_somos1-300x202.jpg 300w, https:\/\/santosvieiralda.com\/wp-content\/uploads\/2013\/09\/quem_somos1-1024x692.jpg 1024w, https:\/\/santosvieiralda.com\/wp-content\/uploads\/2013\/09\/quem_somos1-415x280.jpg 415w, https:\/\/santosvieiralda.com\/wp-content\/uploads\/2013\/09\/quem_somos1.jpg 1065w\" sizes=\"(max-width: 300px) 100vw, 300px\" \/><\/div><\/div>\n<p>&nbsp;<\/p>\n","protected":false},"excerpt":{"rendered":"<p>&nbsp;<\/p>\n","protected":false},"author":1,"featured_media":0,"parent":0,"menu_order":0,"comment_status":"open","ping_status":"closed","template":"page-nosidebar.php","meta":[],"_links":{"self":[{"href":"https:\/\/santosvieiralda.com\/index.php?rest_route=\/wp\/v2\/pages\/4234"}],"collection":[{"href":"https:\/\/santosvieiralda.com\/index.php?rest_route=\/wp\/v2\/pages"}],"about":[{"href":"https:\/\/santosvieiralda.com\/index.php?rest_route=\/wp\/v2\/types\/page"}],"author":[{"embeddable":true,"href":"https:\/\/santosvieiralda.com\/index.php?rest_route=\/wp\/v2\/users\/1"}],"replies":[{"embeddable":true,"href":"https:\/\/santosvieiralda.com\/index.php?rest_route=%2Fwp%2Fv2%2Fcomments&post=4234"}],"version-history":[{"count":27,"href":"https:\/\/santosvieiralda.com\/index.php?rest_route=\/wp\/v2\/pages\/4234\/revisions"}],"predecessor-version":[{"id":4236,"href":"https:\/\/santosvieiralda.com\/index.php?rest_route=\/wp\/v2\/pages\/4234\/revisions\/4236"}],"wp:attachment":[{"href":"https:\/\/santosvieiralda.com\/index.php?rest_route=%2Fwp%2Fv2%2Fmedia&parent=4234"}],"curies":[{"name":"wp","href":"https:\/\/api.w.org\/{rel}","templated":true}]}}

<div class="aq-template-wrapper aq_row"><div class="aq_span6 clearfix aq-first"></p>
<p style="text-align: justify;" align="justify">A<strong> Santos &amp; Vieira Lda </strong>é um prestador de serviços, cujo objectivo principal é trabalhar em parceria com os seus clientes, apresentar-lhes as soluções mais adequadas à especificidade de cada um e contribuir para o aumento da competitividade e produtividade das empresas assegurando assim, que as mesmas cumpram os requisitos legais em vigor, nomeadamente nas áreas da Segurança, Saúde e Formação dos Trabalhadores.</p>
<div style="text-align: justify;" align="justify">Destaca-se por integrar uma equipa profissionais certificados, nas diferentes áreas, que actuam em estreita colaboração com as empresas clientes no sentido de implementar e desenvolver um sistema integrado de vigilância da saúde e prevenção de riscos profissionais, com vista a proporcionar condições de trabalho mais seguras e saudáveis, contribuindo para uma melhoria efectiva da qualidade e produtividade das empresas.</div>
<p></div><div class="aq_span6 clearfix omega"><img loading="lazy" class="aligncenter size-medium wp-image-5193" alt="quem_somos" src="http://santosvieiralda.com/wp-content/uploads/2013/09/quem_somos1-300x202.jpg" width="300" height="202" srcset="https://santosvieiralda.com/wp-content/uploads/2013/09/quem_somos1-300x202.jpg 300w, https://santosvieiralda.com/wp-content/uploads/2013/09/quem_somos1-1024x692.jpg 1024w, https://santosvieiralda.com/wp-content/uploads/2013/09/quem_somos1-415x280.jpg 415w, https://santosvieiralda.com/wp-content/uploads/2013/09/quem_somos1.jpg 1065w" sizes="(max-width: 300px) 100vw, 300px" /></div></div>
<p>&nbsp;</p>
