{"id":4256,"date":"2013-09-01T11:42:40","date_gmt":"2013-09-01T11:42:40","guid":{"rendered":"https:\/\/santosvieiralda.com\/?page_id=4256"},"modified":"2013-12-31T19:06:37","modified_gmt":"2013-12-31T19:06:37","slug":"politica-da-qualidade","status":"publish","type":"page","link":"https:\/\/santosvieiralda.com\/?page_id=4256","title":{"rendered":"Pol\u00edtica da Qualidade"},"content":{"rendered":"<div class=\"aq-template-wrapper aq_row\"><div class=\"aq_span6 clearfix aq-first\"><\/p>\n<p style=\"text-align: justify;\">Tomando como princ\u00edpio que o sucesso da Santos &amp; Vieira depende da sua capacidade para dar respostas adequadas e eficazes \u00e0s exig\u00eancias do mercado e dos seus clientes, a organiza\u00e7\u00e3o baseia-se numa Pol\u00edtica da Qualidade que permite:<\/p>\n<p style=\"padding-left: 30px; text-align: justify;\"><i class=\"icon-leaf\" style=\"font-size:14px\"><\/i> Satisfa\u00e7\u00e3o dos nossos clientes no que respeita \u00e0 Qualidade dos servi\u00e7os prestados;<br \/>\n<i class=\"icon-leaf\" style=\"font-size:14px\"><\/i> Acreditar que a melhoria cont\u00ednua \u00e9 decisiva para um futuro de sucesso;<br \/>\n<i class=\"icon-leaf\" style=\"font-size:14px\"><\/i> A satisfa\u00e7\u00e3o profissional dos nossos colaboradores e a sua forma\u00e7\u00e3o t\u00e9cnica sempre que necess\u00e1rio, com vista a elevar o patrim\u00f3nio de conhecimento organizacional e aumentar as capacidades do capital humano;<br \/>\n<i class=\"icon-leaf\" style=\"font-size:14px\"><\/i> Adaptar de forma sistem\u00e1tica os seus servi\u00e7os \u00e0s necessidades do mercado e da economia globalizada e criar novos servi\u00e7os e produtos, tendo por base na inova\u00e7\u00e3o e o empreendedorismo;<br \/>\n<i class=\"icon-leaf\" style=\"font-size:14px\"><\/i> Cooperar com os nossos fornecedores na procura das solu\u00e7\u00f5es mais adequadas \u00e0 nossa organiza\u00e7\u00e3o;<br \/>\n<i class=\"icon-leaf\" style=\"font-size:14px\"><\/i> Cumprir com os requisitos dos nossos clientes, transmitir-lhes uma total confian\u00e7a de um parceiro com uma organiza\u00e7\u00e3o capaz de satisfazer as suas necessidades actuais e de superar permanentemente as suas expectativas;<br \/>\n<i class=\"icon-leaf\" style=\"font-size:14px\"><\/i> Procurar constantemente novos Clientes e novos produtos com vista a resultados econ\u00f3micos positivos;<br \/>\n<i class=\"icon-leaf\" style=\"font-size:14px\"><\/i> Promover uma melhoria cont\u00ednua dos seus servi\u00e7os.<\/p>\n<p><\/div><div class=\"aq_span6 clearfix omega\"><img loading=\"lazy\" class=\"aligncenter size-medium wp-image-5229\" alt=\"politica_qual\" src=\"http:\/\/santosvieiralda.com\/wp-content\/uploads\/2013\/09\/politica_qual1-300x202.jpg\" width=\"300\" height=\"202\" srcset=\"https:\/\/santosvieiralda.com\/wp-content\/uploads\/2013\/09\/politica_qual1-300x202.jpg 300w, https:\/\/santosvieiralda.com\/wp-content\/uploads\/2013\/09\/politica_qual1-1024x692.jpg 1024w, https:\/\/santosvieiralda.com\/wp-content\/uploads\/2013\/09\/politica_qual1-415x280.jpg 415w, https:\/\/santosvieiralda.com\/wp-content\/uploads\/2013\/09\/politica_qual1.jpg 1065w\" sizes=\"(max-width: 300px) 100vw, 300px\" \/><\/div><\/div>\n<p>&nbsp;<\/p>\n<ul class=\"tabs-nav\"><li><a href=\"#tab1\">Os Nossos Clientes<\/a><\/li><\/ul><div class=\"tabs-container\"><div class=\"tab-content\" id=\"tab1\"><\/div><\/div>\n<table width=\"100%\" border=\"0\">\n<tbody>\n<tr>\n<td>\n<div align=\"center\"><div id=\"metaslider-id-5201\" style=\"max-width: 322px;\" class=\"ml-slider-3-20-1 metaslider metaslider-flex metaslider-5201 ml-slider nav-hidden\">\n    <div id=\"metaslider_container_5201\">\n        <div id=\"metaslider_5201\" class=\"flexslider\">\n            <ul aria-live=\"polite\" class=\"slides\">\n                <li style=\"display: block; width: 100%;\" class=\"slide-5202 ms-image\"><img src=\"https:\/\/santosvieiralda.com\/wp-content\/uploads\/2013\/12\/energy.jpg\" height=\"240\" width=\"322\" alt=\"\" class=\"slider-5201 slide-5202\" \/><\/li>\n                <li style=\"display: none; width: 100%;\" class=\"slide-5203 ms-image\"><img src=\"https:\/\/santosvieiralda.com\/wp-content\/uploads\/2013\/12\/Augusto-Fernandes.jpg\" height=\"240\" width=\"322\" alt=\"\" class=\"slider-5201 slide-5203\" \/><\/li>\n                <li style=\"display: none; width: 100%;\" class=\"slide-5205 ms-image\"><img src=\"https:\/\/santosvieiralda.com\/wp-content\/uploads\/2013\/12\/acucar_bolinhas.jpg\" height=\"240\" width=\"322\" alt=\"\" class=\"slider-5201 slide-5205\" \/><\/li>\n                <li style=\"display: none; width: 100%;\" class=\"slide-5204 ms-image\"><img src=\"https:\/\/santosvieiralda.com\/wp-content\/uploads\/2013\/12\/bio_espress.jpg\" height=\"240\" width=\"322\" alt=\"\" class=\"slider-5201 slide-5204\" \/><\/li>\n            <\/ul>\n        <\/div>\n        \n    <\/div>\n<\/div><\/div>\n<\/td>\n<td>\n<div align=\"center\"><div id=\"metaslider-id-5211\" style=\"max-width: 322px;\" class=\"ml-slider-3-20-1 metaslider metaslider-flex metaslider-5211 ml-slider nav-hidden nav-hidden\">\n    <div id=\"metaslider_container_5211\">\n        <div id=\"metaslider_5211\" class=\"flexslider\">\n            <ul aria-live=\"polite\" class=\"slides\">\n                <li style=\"display: block; width: 100%;\" class=\"slide-5202 ms-image\"><img src=\"https:\/\/santosvieiralda.com\/wp-content\/uploads\/2013\/12\/energy.jpg\" height=\"240\" width=\"322\" alt=\"\" class=\"slider-5211 slide-5202\" \/><\/li>\n                <li style=\"display: none; width: 100%;\" class=\"slide-5203 ms-image\"><img src=\"https:\/\/santosvieiralda.com\/wp-content\/uploads\/2013\/12\/Augusto-Fernandes.jpg\" height=\"240\" width=\"322\" alt=\"\" class=\"slider-5211 slide-5203\" \/><\/li>\n                <li style=\"display: none; width: 100%;\" class=\"slide-5205 ms-image\"><img src=\"https:\/\/santosvieiralda.com\/wp-content\/uploads\/2013\/12\/acucar_bolinhas.jpg\" height=\"240\" width=\"322\" alt=\"\" class=\"slider-5211 slide-5205\" \/><\/li>\n                <li style=\"display: none; width: 100%;\" class=\"slide-5204 ms-image\"><img src=\"https:\/\/santosvieiralda.com\/wp-content\/uploads\/2013\/12\/bio_espress.jpg\" height=\"240\" width=\"322\" alt=\"\" class=\"slider-5211 slide-5204\" \/><\/li>\n            <\/ul>\n        <\/div>\n        \n    <\/div>\n<\/div><\/div>\n<\/td>\n<td>\n<div align=\"center\"><div id=\"metaslider-id-5212\" style=\"max-width: 322px;\" class=\"ml-slider-3-20-1 metaslider metaslider-flex metaslider-5212 ml-slider nav-hidden nav-hidden nav-hidden\">\n    <div id=\"metaslider_container_5212\">\n        <div id=\"metaslider_5212\" class=\"flexslider\">\n            <ul aria-live=\"polite\" class=\"slides\">\n                <li style=\"display: block; width: 100%;\" class=\"slide-5202 ms-image\"><img src=\"https:\/\/santosvieiralda.com\/wp-content\/uploads\/2013\/12\/energy.jpg\" height=\"240\" width=\"322\" alt=\"\" class=\"slider-5212 slide-5202\" \/><\/li>\n                <li style=\"display: none; width: 100%;\" class=\"slide-5203 ms-image\"><img src=\"https:\/\/santosvieiralda.com\/wp-content\/uploads\/2013\/12\/Augusto-Fernandes.jpg\" height=\"240\" width=\"322\" alt=\"\" class=\"slider-5212 slide-5203\" \/><\/li>\n                <li style=\"display: none; width: 100%;\" class=\"slide-5205 ms-image\"><img src=\"https:\/\/santosvieiralda.com\/wp-content\/uploads\/2013\/12\/acucar_bolinhas.jpg\" height=\"240\" width=\"322\" alt=\"\" class=\"slider-5212 slide-5205\" \/><\/li>\n                <li style=\"display: none; width: 100%;\" class=\"slide-5204 ms-image\"><img src=\"https:\/\/santosvieiralda.com\/wp-content\/uploads\/2013\/12\/bio_espress.jpg\" height=\"240\" width=\"322\" alt=\"\" class=\"slider-5212 slide-5204\" \/><\/li>\n            <\/ul>\n        <\/div>\n        \n    <\/div>\n<\/div><\/div>\n<\/td>\n<\/tr>\n<\/tbody>\n<\/table>\n","protected":false},"excerpt":{"rendered":"<p>&nbsp;<\/p>\n","protected":false},"author":1,"featured_media":0,"parent":0,"menu_order":0,"comment_status":"open","ping_status":"closed","template":"page-nosidebar.php","meta":[],"_links":{"self":[{"href":"https:\/\/santosvieiralda.com\/index.php?rest_route=\/wp\/v2\/pages\/4256"}],"collection":[{"href":"https:\/\/santosvieiralda.com\/index.php?rest_route=\/wp\/v2\/pages"}],"about":[{"href":"https:\/\/santosvieiralda.com\/index.php?rest_route=\/wp\/v2\/types\/page"}],"author":[{"embeddable":true,"href":"https:\/\/santosvieiralda.com\/index.php?rest_route=\/wp\/v2\/users\/1"}],"replies":[{"embeddable":true,"href":"https:\/\/santosvieiralda.com\/index.php?rest_route=%2Fwp%2Fv2%2Fcomments&post=4256"}],"version-history":[{"count":11,"href":"https:\/\/santosvieiralda.com\/index.php?rest_route=\/wp\/v2\/pages\/4256\/revisions"}],"predecessor-version":[{"id":5226,"href":"https:\/\/santosvieiralda.com\/index.php?rest_route=\/wp\/v2\/pages\/4256\/revisions\/5226"}],"wp:attachment":[{"href":"https:\/\/santosvieiralda.com\/index.php?rest_route=%2Fwp%2Fv2%2Fmedia&parent=4256"}],"curies":[{"name":"wp","href":"https:\/\/api.w.org\/{rel}","templated":true}]}}