{"id":4520,"date":"2013-09-04T21:47:25","date_gmt":"2013-09-04T21:47:25","guid":{"rendered":"https:\/\/santosvieiralda.com\/?page_id=4520"},"modified":"2014-01-01T11:20:40","modified_gmt":"2014-01-01T11:20:40","slug":"projeto","status":"publish","type":"page","link":"https:\/\/santosvieiralda.com\/?page_id=4520","title":{"rendered":"Projeto"},"content":{"rendered":"<div class=\"aq-template-wrapper aq_row\"><div class=\"aq_span4 clearfix aq-first\"><img loading=\"lazy\" class=\"aligncenter size-medium wp-image-5237\" alt=\"legi1\" src=\"http:\/\/santosvieiralda.com\/wp-content\/uploads\/2013\/09\/legi11-300x154.jpg\" width=\"300\" height=\"154\" srcset=\"https:\/\/santosvieiralda.com\/wp-content\/uploads\/2013\/09\/legi11-300x154.jpg 300w, https:\/\/santosvieiralda.com\/wp-content\/uploads\/2013\/09\/legi11.jpg 700w\" sizes=\"(max-width: 300px) 100vw, 300px\" \/><\/div><div class=\"aq_span4 clearfix \"><img loading=\"lazy\" class=\"aligncenter size-medium wp-image-5238\" alt=\"legi2\" src=\"http:\/\/santosvieiralda.com\/wp-content\/uploads\/2013\/09\/legi21-300x154.jpg\" width=\"300\" height=\"154\" srcset=\"https:\/\/santosvieiralda.com\/wp-content\/uploads\/2013\/09\/legi21-300x154.jpg 300w, https:\/\/santosvieiralda.com\/wp-content\/uploads\/2013\/09\/legi21.jpg 700w\" sizes=\"(max-width: 300px) 100vw, 300px\" \/><\/div><div class=\"aq_span4 clearfix \"><img loading=\"lazy\" class=\"aligncenter size-medium wp-image-5239\" alt=\"legi3\" src=\"http:\/\/santosvieiralda.com\/wp-content\/uploads\/2013\/09\/legi31-300x154.jpg\" width=\"300\" height=\"154\" srcset=\"https:\/\/santosvieiralda.com\/wp-content\/uploads\/2013\/09\/legi31-300x154.jpg 300w, https:\/\/santosvieiralda.com\/wp-content\/uploads\/2013\/09\/legi31.jpg 700w\" sizes=\"(max-width: 300px) 100vw, 300px\" \/><\/div><\/div>\n<p><strong>Lei n.\u00ba 31\/2009, de 3 de Julho de 2009<\/strong><\/p>\n<div align=\"justify\">Aprova o regime jur\u00eddico que estabelece a qualifica\u00e7\u00e3o profissional exig\u00edvel aos t\u00e9cnicos respons\u00e1veis pela elabora\u00e7\u00e3o e subscri\u00e7\u00e3o de projectos, pela fiscaliza\u00e7\u00e3o de obra e pela direc\u00e7\u00e3o de obra, que n\u00e3o esteja sujeita a legisla\u00e7\u00e3o especial, e os deveres que lhes s\u00e3o aplic\u00e1veis<strong>.<\/strong><\/div>\n","protected":false},"excerpt":{"rendered":"<p>Lei n.\u00ba 31\/2009, de 3 de Julho de 2009 Aprova o regime jur\u00eddico que estabelece a qualifica\u00e7\u00e3o profissional exig\u00edvel aos t\u00e9cnicos respons\u00e1veis pela elabora\u00e7\u00e3o e subscri\u00e7\u00e3o de projectos, pela fiscaliza\u00e7\u00e3o de obra e pela direc\u00e7\u00e3o de obra, que n\u00e3o esteja sujeita a legisla\u00e7\u00e3o especial, e os deveres que lhes s\u00e3o aplic\u00e1veis.<\/p>\n","protected":false},"author":1,"featured_media":0,"parent":0,"menu_order":0,"comment_status":"open","ping_status":"open","template":"","meta":[],"_links":{"self":[{"href":"https:\/\/santosvieiralda.com\/index.php?rest_route=\/wp\/v2\/pages\/4520"}],"collection":[{"href":"https:\/\/santosvieiralda.com\/index.php?rest_route=\/wp\/v2\/pages"}],"about":[{"href":"https:\/\/santosvieiralda.com\/index.php?rest_route=\/wp\/v2\/types\/page"}],"author":[{"embeddable":true,"href":"https:\/\/santosvieiralda.com\/index.php?rest_route=\/wp\/v2\/users\/1"}],"replies":[{"embeddable":true,"href":"https:\/\/santosvieiralda.com\/index.php?rest_route=%2Fwp%2Fv2%2Fcomments&post=4520"}],"version-history":[{"count":2,"href":"https:\/\/santosvieiralda.com\/index.php?rest_route=\/wp\/v2\/pages\/4520\/revisions"}],"predecessor-version":[{"id":5263,"href":"https:\/\/santosvieiralda.com\/index.php?rest_route=\/wp\/v2\/pages\/4520\/revisions\/5263"}],"wp:attachment":[{"href":"https:\/\/santosvieiralda.com\/index.php?rest_route=%2Fwp%2Fv2%2Fmedia&parent=4520"}],"curies":[{"name":"wp","href":"https:\/\/api.w.org\/{rel}","templated":true}]}}

<div class="aq-template-wrapper aq_row"><div class="aq_span4 clearfix aq-first"><img loading="lazy" class="aligncenter size-medium wp-image-5237" alt="legi1" src="http://santosvieiralda.com/wp-content/uploads/2013/09/legi11-300x154.jpg" width="300" height="154" srcset="https://santosvieiralda.com/wp-content/uploads/2013/09/legi11-300x154.jpg 300w, https://santosvieiralda.com/wp-content/uploads/2013/09/legi11.jpg 700w" sizes="(max-width: 300px) 100vw, 300px" /></div><div class="aq_span4 clearfix "><img loading="lazy" class="aligncenter size-medium wp-image-5238" alt="legi2" src="http://santosvieiralda.com/wp-content/uploads/2013/09/legi21-300x154.jpg" width="300" height="154" srcset="https://santosvieiralda.com/wp-content/uploads/2013/09/legi21-300x154.jpg 300w, https://santosvieiralda.com/wp-content/uploads/2013/09/legi21.jpg 700w" sizes="(max-width: 300px) 100vw, 300px" /></div><div class="aq_span4 clearfix "><img loading="lazy" class="aligncenter size-medium wp-image-5239" alt="legi3" src="http://santosvieiralda.com/wp-content/uploads/2013/09/legi31-300x154.jpg" width="300" height="154" srcset="https://santosvieiralda.com/wp-content/uploads/2013/09/legi31-300x154.jpg 300w, https://santosvieiralda.com/wp-content/uploads/2013/09/legi31.jpg 700w" sizes="(max-width: 300px) 100vw, 300px" /></div></div>
<p><strong>Lei n.º 31/2009, de 3 de Julho de 2009</strong></p>
<div align="justify">Aprova o regime jurídico que estabelece a qualificação profissional exigível aos técnicos responsáveis pela elaboração e subscrição de projectos, pela fiscalização de obra e pela direcção de obra, que não esteja sujeita a legislação especial, e os deveres que lhes são aplicáveis<strong>.</strong></div>

<p>Lei n.º 31/2009, de 3 de Julho de 2009 Aprova o regime jurídico que estabelece a qualificação profissional exigível aos técnicos responsáveis pela elaboração e subscrição de projectos, pela fiscalização de obra e pela direcção de obra, que não esteja sujeita a legislação especial, e os deveres que lhes são aplicáveis.</p>
