{"id":4525,"date":"2013-09-05T10:46:11","date_gmt":"2013-09-05T10:46:11","guid":{"rendered":"https:\/\/santosvieiralda.com\/?page_id=4525"},"modified":"2014-01-01T11:22:46","modified_gmt":"2014-01-01T11:22:46","slug":"equipamentos-sob-pressao-transportaveis","status":"publish","type":"page","link":"https:\/\/santosvieiralda.com\/?page_id=4525","title":{"rendered":"Equipamentos sob Press\u00e3o Transport\u00e1veis"},"content":{"rendered":"<div class=\"aq-template-wrapper aq_row\"><div class=\"aq_span4 clearfix aq-first\"><img loading=\"lazy\" class=\"aligncenter size-medium wp-image-5237\" alt=\"legi1\" src=\"http:\/\/santosvieiralda.com\/wp-content\/uploads\/2013\/09\/legi11-300x154.jpg\" width=\"300\" height=\"154\" srcset=\"https:\/\/santosvieiralda.com\/wp-content\/uploads\/2013\/09\/legi11-300x154.jpg 300w, https:\/\/santosvieiralda.com\/wp-content\/uploads\/2013\/09\/legi11.jpg 700w\" sizes=\"(max-width: 300px) 100vw, 300px\" \/><\/div><div class=\"aq_span4 clearfix \"><img loading=\"lazy\" class=\"aligncenter size-medium wp-image-5238\" alt=\"legi2\" src=\"http:\/\/santosvieiralda.com\/wp-content\/uploads\/2013\/09\/legi21-300x154.jpg\" width=\"300\" height=\"154\" srcset=\"https:\/\/santosvieiralda.com\/wp-content\/uploads\/2013\/09\/legi21-300x154.jpg 300w, https:\/\/santosvieiralda.com\/wp-content\/uploads\/2013\/09\/legi21.jpg 700w\" sizes=\"(max-width: 300px) 100vw, 300px\" \/><\/div><div class=\"aq_span4 clearfix \"><img loading=\"lazy\" class=\"aligncenter size-medium wp-image-5239\" alt=\"legi3\" src=\"http:\/\/santosvieiralda.com\/wp-content\/uploads\/2013\/09\/legi31-300x154.jpg\" width=\"300\" height=\"154\" srcset=\"https:\/\/santosvieiralda.com\/wp-content\/uploads\/2013\/09\/legi31-300x154.jpg 300w, https:\/\/santosvieiralda.com\/wp-content\/uploads\/2013\/09\/legi31.jpg 700w\" sizes=\"(max-width: 300px) 100vw, 300px\" \/><\/div><\/div>\n<p><strong>Decreto-Lei n\u00ba 72-L\/2003, de 14 de Abril de 2003<\/strong><\/p>\n<p align=\"justify\">Transp\u00f5e para a ordem jur\u00eddica nacional a Directiva n.\u00ba 2002\/50\/CE, da Comiss\u00e3o, de 6 de Junho, que adapta ao progresso t\u00e9cnico a Directiva n.\u00ba 1999\/36\/CE, do Conselho, de 29 de Abril, relativa aos equipamentos sob press\u00e3o transport\u00e1veis, e altera o Decreto-Lei n.\u00ba 41\/2002 de 28 de Fevereiro<\/p>\n<p align=\"justify\"><strong>Decreto-Lei n\u00ba 41\/2002, de 28 de Fevereiro de 2003<\/strong><\/p>\n<div align=\"justify\">Transp\u00f5e para o ordenamento jur\u00eddico portugu\u00eas as Directivas n.os 1999\/36\/CE, do Conselho, de 29 de Abril, e 2001\/2\/CE, da Comiss\u00e3o, de 4 de Janeiro, e estabelece as regras a que devem obedecer o projecto, o fabrico, a avalia\u00e7\u00e3o da conformidade, a coloca\u00e7\u00e3o no mercado, a entrada em servi\u00e7o e a utiliz (&#8230;)<\/div>\n<p>&nbsp;<\/p>\n","protected":false},"excerpt":{"rendered":"<p>Decreto-Lei n\u00ba 72-L\/2003, de 14 de Abril de 2003 Transp\u00f5e para a ordem jur\u00eddica nacional a Directiva n.\u00ba 2002\/50\/CE, da Comiss\u00e3o, de 6 de Junho, que adapta ao progresso t\u00e9cnico a Directiva n.\u00ba 1999\/36\/CE, do Conselho, de 29 de Abril, relativa aos equipamentos sob press\u00e3o transport\u00e1veis, e altera o Decreto-Lei n.\u00ba 41\/2002 de 28 de [&hellip;]<\/p>\n","protected":false},"author":1,"featured_media":0,"parent":0,"menu_order":0,"comment_status":"open","ping_status":"open","template":"","meta":[],"_links":{"self":[{"href":"https:\/\/santosvieiralda.com\/index.php?rest_route=\/wp\/v2\/pages\/4525"}],"collection":[{"href":"https:\/\/santosvieiralda.com\/index.php?rest_route=\/wp\/v2\/pages"}],"about":[{"href":"https:\/\/santosvieiralda.com\/index.php?rest_route=\/wp\/v2\/types\/page"}],"author":[{"embeddable":true,"href":"https:\/\/santosvieiralda.com\/index.php?rest_route=\/wp\/v2\/users\/1"}],"replies":[{"embeddable":true,"href":"https:\/\/santosvieiralda.com\/index.php?rest_route=%2Fwp%2Fv2%2Fcomments&post=4525"}],"version-history":[{"count":2,"href":"https:\/\/santosvieiralda.com\/index.php?rest_route=\/wp\/v2\/pages\/4525\/revisions"}],"predecessor-version":[{"id":5265,"href":"https:\/\/santosvieiralda.com\/index.php?rest_route=\/wp\/v2\/pages\/4525\/revisions\/5265"}],"wp:attachment":[{"href":"https:\/\/santosvieiralda.com\/index.php?rest_route=%2Fwp%2Fv2%2Fmedia&parent=4525"}],"curies":[{"name":"wp","href":"https:\/\/api.w.org\/{rel}","templated":true}]}}

Equipamentos sob Pressão Transportáveis

<div class="aq-template-wrapper aq_row"><div class="aq_span4 clearfix aq-first"><img loading="lazy" class="aligncenter size-medium wp-image-5237" alt="legi1" src="http://santosvieiralda.com/wp-content/uploads/2013/09/legi11-300x154.jpg" width="300" height="154" srcset="https://santosvieiralda.com/wp-content/uploads/2013/09/legi11-300x154.jpg 300w, https://santosvieiralda.com/wp-content/uploads/2013/09/legi11.jpg 700w" sizes="(max-width: 300px) 100vw, 300px" /></div><div class="aq_span4 clearfix "><img loading="lazy" class="aligncenter size-medium wp-image-5238" alt="legi2" src="http://santosvieiralda.com/wp-content/uploads/2013/09/legi21-300x154.jpg" width="300" height="154" srcset="https://santosvieiralda.com/wp-content/uploads/2013/09/legi21-300x154.jpg 300w, https://santosvieiralda.com/wp-content/uploads/2013/09/legi21.jpg 700w" sizes="(max-width: 300px) 100vw, 300px" /></div><div class="aq_span4 clearfix "><img loading="lazy" class="aligncenter size-medium wp-image-5239" alt="legi3" src="http://santosvieiralda.com/wp-content/uploads/2013/09/legi31-300x154.jpg" width="300" height="154" srcset="https://santosvieiralda.com/wp-content/uploads/2013/09/legi31-300x154.jpg 300w, https://santosvieiralda.com/wp-content/uploads/2013/09/legi31.jpg 700w" sizes="(max-width: 300px) 100vw, 300px" /></div></div>
<p><strong>Decreto-Lei nº 72-L/2003, de 14 de Abril de 2003</strong></p>
<p align="justify">Transpõe para a ordem jurídica nacional a Directiva n.º 2002/50/CE, da Comissão, de 6 de Junho, que adapta ao progresso técnico a Directiva n.º 1999/36/CE, do Conselho, de 29 de Abril, relativa aos equipamentos sob pressão transportáveis, e altera o Decreto-Lei n.º 41/2002 de 28 de Fevereiro</p>
<p align="justify"><strong>Decreto-Lei nº 41/2002, de 28 de Fevereiro de 2003</strong></p>
<div align="justify">Transpõe para o ordenamento jurídico português as Directivas n.os 1999/36/CE, do Conselho, de 29 de Abril, e 2001/2/CE, da Comissão, de 4 de Janeiro, e estabelece as regras a que devem obedecer o projecto, o fabrico, a avaliação da conformidade, a colocação no mercado, a entrada em serviço e a utiliz (&#8230;)</div>
<p>&nbsp;</p>

<p>Decreto-Lei nº 72-L/2003, de 14 de Abril de 2003 Transpõe para a ordem jurídica nacional a Directiva n.º 2002/50/CE, da Comissão, de 6 de Junho, que adapta ao progresso técnico a Directiva n.º 1999/36/CE, do Conselho, de 29 de Abril, relativa aos equipamentos sob pressão transportáveis, e altera o Decreto-Lei n.º 41/2002 de 28 de [&hellip;]</p>
