{"id":4535,"date":"2013-09-05T11:07:33","date_gmt":"2013-09-05T11:07:33","guid":{"rendered":"https:\/\/santosvieiralda.com\/?page_id=4535"},"modified":"2014-01-01T11:26:19","modified_gmt":"2014-01-01T11:26:19","slug":"acidentes-de-trabalho-e-doencas-profissionais","status":"publish","type":"page","link":"https:\/\/santosvieiralda.com\/?page_id=4535","title":{"rendered":"Acidentes de Trabalho e Doen\u00e7as Profissionais"},"content":{"rendered":"<div class=\"aq-template-wrapper aq_row\"><div class=\"aq_span4 clearfix aq-first\"><img loading=\"lazy\" class=\"aligncenter size-medium wp-image-5237\" alt=\"legi1\" src=\"http:\/\/santosvieiralda.com\/wp-content\/uploads\/2013\/09\/legi11-300x154.jpg\" width=\"300\" height=\"154\" srcset=\"https:\/\/santosvieiralda.com\/wp-content\/uploads\/2013\/09\/legi11-300x154.jpg 300w, https:\/\/santosvieiralda.com\/wp-content\/uploads\/2013\/09\/legi11.jpg 700w\" sizes=\"(max-width: 300px) 100vw, 300px\" \/><\/div><div class=\"aq_span4 clearfix \"><img loading=\"lazy\" class=\"aligncenter size-medium wp-image-5238\" alt=\"legi2\" src=\"http:\/\/santosvieiralda.com\/wp-content\/uploads\/2013\/09\/legi21-300x154.jpg\" width=\"300\" height=\"154\" srcset=\"https:\/\/santosvieiralda.com\/wp-content\/uploads\/2013\/09\/legi21-300x154.jpg 300w, https:\/\/santosvieiralda.com\/wp-content\/uploads\/2013\/09\/legi21.jpg 700w\" sizes=\"(max-width: 300px) 100vw, 300px\" \/><\/div><div class=\"aq_span4 clearfix \"><img loading=\"lazy\" class=\"aligncenter size-medium wp-image-5239\" alt=\"legi3\" src=\"http:\/\/santosvieiralda.com\/wp-content\/uploads\/2013\/09\/legi31-300x154.jpg\" width=\"300\" height=\"154\" srcset=\"https:\/\/santosvieiralda.com\/wp-content\/uploads\/2013\/09\/legi31-300x154.jpg 300w, https:\/\/santosvieiralda.com\/wp-content\/uploads\/2013\/09\/legi31.jpg 700w\" sizes=\"(max-width: 300px) 100vw, 300px\" \/><\/div><\/div>\n<p><strong>Resolu\u00e7\u00e3o da Assembleia da Rep\u00fablica n\u00ba 112\/2010, de 25 de Outubro de 2010<\/strong><\/p>\n<p align=\"justify\">Aprova o Protocolo de 2002 relativo \u00e0 Conven\u00e7\u00e3o da Organiza\u00e7\u00e3o Internacional do Trabalho sobre a Seguran\u00e7a e a Sa\u00fade dos Trabalhadores, 1981.<\/p>\n<p align=\"justify\"><strong>Lei n\u00ba 98\/2009, de 4 de Setembro de 2009<\/strong><\/p>\n<p align=\"justify\">Regulamenta o regime de repara\u00e7\u00e3o de acidentes de trabalho e de doen\u00e7as profissionais, incluindo a reabilita\u00e7\u00e3o e reintegra\u00e7\u00e3o profissionais, nos termos do artigo 284.\u00ba do C\u00f3digo do Trabalho, aprovado pela Lei n.\u00ba 7\/2009, de 12 de Fevereiro.<\/p>\n<p align=\"justify\"><strong>Decreto Regulamentar n\u00ba 76\/2007, de 17 de Julho de 2007<\/strong><\/p>\n<p align=\"justify\">Altera o Decreto Regulamentar n.\u00ba 6\/2001 de 5 de Maio, que aprova a lista das doen\u00e7as profissionais e o respectivo \u00edndice codificado.<\/p>\n<p align=\"justify\"><strong>Decreto-Lei n\u00ba 352\/2007, de 23 de Outubro de 2007<\/strong><\/p>\n<p align=\"justify\">Aprova a nova Tabela Nacional de Incapacidades por Acidentes de Trabalho e Doen\u00e7as Profissionais, revogando o Decreto-Lei n.\u00ba 341\/93 de 30 de Setembro, e aprova a Tabela Indicativa para a Avalia\u00e7\u00e3o da Incapacidade em Direito Civil.<\/p>\n<p align=\"justify\"><strong>Decreto-lei n\u00ba 185\/2007, de 10 de Maio de 2007<\/strong><\/p>\n<p align=\"justify\">Altera o Decreto-Lei n.\u00ba 142\/99 de 30 de Abril, que cria o Fundo de Acidentes de Trabalho.<\/p>\n<p align=\"justify\"><strong>Lei n\u00ba 8\/2003, de 12 de Maio de 2003<\/strong><\/p>\n<p align=\"justify\">Estabelece um regime espec\u00edfico de repara\u00e7\u00e3o dos danos emergentes de acidentes de trabalho dos praticantes desportivos profissionais.<\/p>\n<p align=\"justify\"><strong>Decreto Regulamentar n\u00ba 6\/2001, de 5 de Maio de 2001<\/strong><\/p>\n<p align=\"justify\">Aprova a lista das doen\u00e7as profissionais e o respectivo \u00edndice codificado.<\/p>\n<p align=\"justify\"><strong>Portaria n\u00ba 11\/2000, de 13 de Janeiro de 2000<\/strong><\/p>\n<p align=\"justify\">Aprova as bases t\u00e9cnicas aplic\u00e1veis ao c\u00e1lculo do capital de remi\u00e7\u00e3o das pens\u00f5es de acidentes de trabalho e aos valores de caucionamento das pens\u00f5es de acidentes de trabalho a que as entidades empregadoras tenham sido condenadas ou a que se tenham obrigado por acordo homologado.<\/p>\n<p align=\"justify\"><strong>Decreto-Lei n\u00ba 503\/99, de 13 de Setembro de 1999<\/strong><\/p>\n<p align=\"justify\">Aprova o novo regime jur\u00eddico dos acidentes em servi\u00e7o e das doen\u00e7as profissionais no \u00e2mbito da Administra\u00e7\u00e3o P\u00fablica.<\/p>\n<p align=\"justify\"><strong>Decreto-Lei n\u00ba 159\/99, de 11 de Maio de 1999<\/strong><\/p>\n<p align=\"justify\">Regulamenta o seguro de acidentes de trabalho para os trabalhadores independentes.<\/p>\n<p align=\"justify\"><strong>Decreto-Lei n\u00ba 142\/2009, de 30 de Abril de 2009<\/strong><\/p>\n<p align=\"justify\">Cria o Fundo de Acidentes de Trabalho previsto no artigo 39.\u00ba da Lei n.\u00ba 100\/97 de 13 de Setembro.<\/p>\n<p align=\"justify\"><strong>Portaria n\u00ba 137\/94, de 8 de Mar\u00e7o de 1994<\/strong><\/p>\n<p align=\"justify\">Aprova o modelo de participa\u00e7\u00e3o de acidente de trabalho e o mapa de encerramento de processo de acidente de trabalho.<\/p>\n<p align=\"justify\"><strong>Decreto-Lei n\u00ba 362\/93, de 15 de Outubro de 1993<\/strong><\/p>\n<p align=\"justify\">Regula a informa\u00e7\u00e3o estat\u00edstica sobre acidentes de trabalho e doen\u00e7as profissionais.<\/p>\n<p align=\"justify\"><strong>Decreto-Lei n\u00ba 2\/82, de 5 de Janeiro de 1982<\/strong><\/p>\n<p align=\"justify\">Determina a obrigatoriedade da participa\u00e7\u00e3o de todos os casos de doen\u00e7a profissional \u00e0 Caixa Nacional de Seguros de Doen\u00e7as Profissionais.<\/p>\n<p align=\"left\"><strong>Decreto n\u00ba 360\/71, de 21 de Agosto de 1971<\/strong><\/p>\n<div align=\"justify\">Promulga a regulamenta\u00e7\u00e3o da Lei n.\u00ba 2127 de 03\/08\/1965 no que respeita \u00e0 repara\u00e7\u00e3o dos acidentes de trabalho e doen\u00e7as profissionais.<\/div>\n","protected":false},"excerpt":{"rendered":"<p>Resolu\u00e7\u00e3o da Assembleia da Rep\u00fablica n\u00ba 112\/2010, de 25 de Outubro de 2010 Aprova o Protocolo de 2002 relativo \u00e0 Conven\u00e7\u00e3o da Organiza\u00e7\u00e3o Internacional do Trabalho sobre a Seguran\u00e7a e a Sa\u00fade dos Trabalhadores, 1981. Lei n\u00ba 98\/2009, de 4 de Setembro de 2009 Regulamenta o regime de repara\u00e7\u00e3o de acidentes de trabalho e de [&hellip;]<\/p>\n","protected":false},"author":1,"featured_media":0,"parent":0,"menu_order":0,"comment_status":"open","ping_status":"open","template":"","meta":[],"_links":{"self":[{"href":"https:\/\/santosvieiralda.com\/index.php?rest_route=\/wp\/v2\/pages\/4535"}],"collection":[{"href":"https:\/\/santosvieiralda.com\/index.php?rest_route=\/wp\/v2\/pages"}],"about":[{"href":"https:\/\/santosvieiralda.com\/index.php?rest_route=\/wp\/v2\/types\/page"}],"author":[{"embeddable":true,"href":"https:\/\/santosvieiralda.com\/index.php?rest_route=\/wp\/v2\/users\/1"}],"replies":[{"embeddable":true,"href":"https:\/\/santosvieiralda.com\/index.php?rest_route=%2Fwp%2Fv2%2Fcomments&post=4535"}],"version-history":[{"count":2,"href":"https:\/\/santosvieiralda.com\/index.php?rest_route=\/wp\/v2\/pages\/4535\/revisions"}],"predecessor-version":[{"id":5270,"href":"https:\/\/santosvieiralda.com\/index.php?rest_route=\/wp\/v2\/pages\/4535\/revisions\/5270"}],"wp:attachment":[{"href":"https:\/\/santosvieiralda.com\/index.php?rest_route=%2Fwp%2Fv2%2Fmedia&parent=4535"}],"curies":[{"name":"wp","href":"https:\/\/api.w.org\/{rel}","templated":true}]}}

Acidentes de Trabalho e Doenças Profissionais

<div class="aq-template-wrapper aq_row"><div class="aq_span4 clearfix aq-first"><img loading="lazy" class="aligncenter size-medium wp-image-5237" alt="legi1" src="http://santosvieiralda.com/wp-content/uploads/2013/09/legi11-300x154.jpg" width="300" height="154" srcset="https://santosvieiralda.com/wp-content/uploads/2013/09/legi11-300x154.jpg 300w, https://santosvieiralda.com/wp-content/uploads/2013/09/legi11.jpg 700w" sizes="(max-width: 300px) 100vw, 300px" /></div><div class="aq_span4 clearfix "><img loading="lazy" class="aligncenter size-medium wp-image-5238" alt="legi2" src="http://santosvieiralda.com/wp-content/uploads/2013/09/legi21-300x154.jpg" width="300" height="154" srcset="https://santosvieiralda.com/wp-content/uploads/2013/09/legi21-300x154.jpg 300w, https://santosvieiralda.com/wp-content/uploads/2013/09/legi21.jpg 700w" sizes="(max-width: 300px) 100vw, 300px" /></div><div class="aq_span4 clearfix "><img loading="lazy" class="aligncenter size-medium wp-image-5239" alt="legi3" src="http://santosvieiralda.com/wp-content/uploads/2013/09/legi31-300x154.jpg" width="300" height="154" srcset="https://santosvieiralda.com/wp-content/uploads/2013/09/legi31-300x154.jpg 300w, https://santosvieiralda.com/wp-content/uploads/2013/09/legi31.jpg 700w" sizes="(max-width: 300px) 100vw, 300px" /></div></div>
<p><strong>Resolução da Assembleia da República nº 112/2010, de 25 de Outubro de 2010</strong></p>
<p align="justify">Aprova o Protocolo de 2002 relativo à Convenção da Organização Internacional do Trabalho sobre a Segurança e a Saúde dos Trabalhadores, 1981.</p>
<p align="justify"><strong>Lei nº 98/2009, de 4 de Setembro de 2009</strong></p>
<p align="justify">Regulamenta o regime de reparação de acidentes de trabalho e de doenças profissionais, incluindo a reabilitação e reintegração profissionais, nos termos do artigo 284.º do Código do Trabalho, aprovado pela Lei n.º 7/2009, de 12 de Fevereiro.</p>
<p align="justify"><strong>Decreto Regulamentar nº 76/2007, de 17 de Julho de 2007</strong></p>
<p align="justify">Altera o Decreto Regulamentar n.º 6/2001 de 5 de Maio, que aprova a lista das doenças profissionais e o respectivo índice codificado.</p>
<p align="justify"><strong>Decreto-Lei nº 352/2007, de 23 de Outubro de 2007</strong></p>
<p align="justify">Aprova a nova Tabela Nacional de Incapacidades por Acidentes de Trabalho e Doenças Profissionais, revogando o Decreto-Lei n.º 341/93 de 30 de Setembro, e aprova a Tabela Indicativa para a Avaliação da Incapacidade em Direito Civil.</p>
<p align="justify"><strong>Decreto-lei nº 185/2007, de 10 de Maio de 2007</strong></p>
<p align="justify">Altera o Decreto-Lei n.º 142/99 de 30 de Abril, que cria o Fundo de Acidentes de Trabalho.</p>
<p align="justify"><strong>Lei nº 8/2003, de 12 de Maio de 2003</strong></p>
<p align="justify">Estabelece um regime específico de reparação dos danos emergentes de acidentes de trabalho dos praticantes desportivos profissionais.</p>
<p align="justify"><strong>Decreto Regulamentar nº 6/2001, de 5 de Maio de 2001</strong></p>
<p align="justify">Aprova a lista das doenças profissionais e o respectivo índice codificado.</p>
<p align="justify"><strong>Portaria nº 11/2000, de 13 de Janeiro de 2000</strong></p>
<p align="justify">Aprova as bases técnicas aplicáveis ao cálculo do capital de remição das pensões de acidentes de trabalho e aos valores de caucionamento das pensões de acidentes de trabalho a que as entidades empregadoras tenham sido condenadas ou a que se tenham obrigado por acordo homologado.</p>
<p align="justify"><strong>Decreto-Lei nº 503/99, de 13 de Setembro de 1999</strong></p>
<p align="justify">Aprova o novo regime jurídico dos acidentes em serviço e das doenças profissionais no âmbito da Administração Pública.</p>
<p align="justify"><strong>Decreto-Lei nº 159/99, de 11 de Maio de 1999</strong></p>
<p align="justify">Regulamenta o seguro de acidentes de trabalho para os trabalhadores independentes.</p>
<p align="justify"><strong>Decreto-Lei nº 142/2009, de 30 de Abril de 2009</strong></p>
<p align="justify">Cria o Fundo de Acidentes de Trabalho previsto no artigo 39.º da Lei n.º 100/97 de 13 de Setembro.</p>
<p align="justify"><strong>Portaria nº 137/94, de 8 de Março de 1994</strong></p>
<p align="justify">Aprova o modelo de participação de acidente de trabalho e o mapa de encerramento de processo de acidente de trabalho.</p>
<p align="justify"><strong>Decreto-Lei nº 362/93, de 15 de Outubro de 1993</strong></p>
<p align="justify">Regula a informação estatística sobre acidentes de trabalho e doenças profissionais.</p>
<p align="justify"><strong>Decreto-Lei nº 2/82, de 5 de Janeiro de 1982</strong></p>
<p align="justify">Determina a obrigatoriedade da participação de todos os casos de doença profissional à Caixa Nacional de Seguros de Doenças Profissionais.</p>
<p align="left"><strong>Decreto nº 360/71, de 21 de Agosto de 1971</strong></p>
<div align="justify">Promulga a regulamentação da Lei n.º 2127 de 03/08/1965 no que respeita à reparação dos acidentes de trabalho e doenças profissionais.</div>

<p>Resolução da Assembleia da República nº 112/2010, de 25 de Outubro de 2010 Aprova o Protocolo de 2002 relativo à Convenção da Organização Internacional do Trabalho sobre a Segurança e a Saúde dos Trabalhadores, 1981. Lei nº 98/2009, de 4 de Setembro de 2009 Regulamenta o regime de reparação de acidentes de trabalho e de [&hellip;]</p>
