{"id":4539,"date":"2013-09-05T13:24:13","date_gmt":"2013-09-05T13:24:13","guid":{"rendered":"https:\/\/santosvieiralda.com\/?page_id=4539"},"modified":"2014-01-01T11:27:33","modified_gmt":"2014-01-01T11:27:33","slug":"atmosferas-explosivas","status":"publish","type":"page","link":"https:\/\/santosvieiralda.com\/?page_id=4539","title":{"rendered":"Atmosferas Explosivas"},"content":{"rendered":"<div class=\"aq-template-wrapper aq_row\"><div class=\"aq_span4 clearfix aq-first\"><img loading=\"lazy\" class=\"aligncenter size-medium wp-image-5237\" alt=\"legi1\" src=\"http:\/\/santosvieiralda.com\/wp-content\/uploads\/2013\/09\/legi11-300x154.jpg\" width=\"300\" height=\"154\" srcset=\"https:\/\/santosvieiralda.com\/wp-content\/uploads\/2013\/09\/legi11-300x154.jpg 300w, https:\/\/santosvieiralda.com\/wp-content\/uploads\/2013\/09\/legi11.jpg 700w\" sizes=\"(max-width: 300px) 100vw, 300px\" \/><\/div><div class=\"aq_span4 clearfix \"><img loading=\"lazy\" class=\"aligncenter size-medium wp-image-5238\" alt=\"legi2\" src=\"http:\/\/santosvieiralda.com\/wp-content\/uploads\/2013\/09\/legi21-300x154.jpg\" width=\"300\" height=\"154\" srcset=\"https:\/\/santosvieiralda.com\/wp-content\/uploads\/2013\/09\/legi21-300x154.jpg 300w, https:\/\/santosvieiralda.com\/wp-content\/uploads\/2013\/09\/legi21.jpg 700w\" sizes=\"(max-width: 300px) 100vw, 300px\" \/><\/div><div class=\"aq_span4 clearfix \"><img loading=\"lazy\" class=\"aligncenter size-medium wp-image-5239\" alt=\"legi3\" src=\"http:\/\/santosvieiralda.com\/wp-content\/uploads\/2013\/09\/legi31-300x154.jpg\" width=\"300\" height=\"154\" srcset=\"https:\/\/santosvieiralda.com\/wp-content\/uploads\/2013\/09\/legi31-300x154.jpg 300w, https:\/\/santosvieiralda.com\/wp-content\/uploads\/2013\/09\/legi31.jpg 700w\" sizes=\"(max-width: 300px) 100vw, 300px\" \/><\/div><\/div>\n<p><strong>Portaria n\u00ba 1231\/2010, de 9 de Dezembro de 2010<\/strong><\/p>\n<p align=\"justify\">Fixa as taxas devidas \u00e0 administra\u00e7\u00e3o pela pr\u00e1tica de actos relacionados com a organiza\u00e7\u00e3o e andamento dos processos de licenciamento dos estabelecimentos de fabrico e armazenagem de produtos explosivos.<\/p>\n<p align=\"justify\"><strong>Decreto-Lei n\u00ba 119\/2010, de 27 de Outubro de 2010<\/strong><\/p>\n<p align=\"justify\">Refor\u00e7a os mecanismos de localiza\u00e7\u00e3o e seguran\u00e7a do transporte de explosivos e procede \u00e0 segunda altera\u00e7\u00e3o ao Decreto-Lei n.\u00ba 521\/71, de 24 de Novembro.<\/p>\n<p align=\"justify\"><strong>Decreto-Lei n\u00ba 87\/2005, de 23 de Maio de 2005<\/strong><\/p>\n<p align=\"justify\">Define o regime aplic\u00e1vel por for\u00e7a da caducidade de alvar\u00e1s e licen\u00e7as dos estabelecimentos de fabrico e de armazenagem de produtos explosivos.<\/p>\n<p align=\"justify\"><strong>Decreto-Lei n\u00ba 236\/2003, de 30 de Setembro de 2003<\/strong><\/p>\n<p align=\"justify\">Transp\u00f5e para a ordem jur\u00eddica nacional a Directiva n.\u00ba 1999\/92\/CE, do Parlamento Europeu e do Conselho, de 12 de Dezembro, relativa \u00e0s prescri\u00e7\u00f5es m\u00ednimas destinadas a promover a melhoria da protec\u00e7\u00e3o da seguran\u00e7a e da sa\u00fade dos trabalhadores suscept\u00edveis de serem expostos a riscos derivados de atmo (&#8230;)<\/p>\n<p align=\"justify\"><strong>Decreto-Lei n\u00ba 139\/2003, de 2 de Julho de 2003<\/strong><\/p>\n<p align=\"justify\">Prorroga, pelo per\u00edodo de dois anos, o prazo de caducidade dos alvar\u00e1s e licen\u00e7as de fabrico ou de armazenagem de produtos explosivos, fixado no art. 3\u00ba do decreto-Lei n\u00ba 139\/2002, de 17 de Maio.<\/p>\n<p align=\"justify\"><strong>Decreto-Lei n\u00ba 139\/2002, de 17 de Maio de 2002<\/strong><\/p>\n<p align=\"justify\">Aprova o Regulamento de seguran\u00e7a dos estabelecimentos de fabrico e armazenagem de produtos explosivos.<\/p>\n<p align=\"justify\"><strong>Portaria n\u00ba 341\/97, de 21 de Maio de 1997<\/strong><\/p>\n<p align=\"justify\">Regulamenta os procedimentos de conformidade dos aparelhos e sistemas de protec\u00e7\u00e3o destinados a ser utilizados em atmosferas potencialmente explosivas.<\/p>\n<p align=\"justify\"><strong>Decreto-lei n\u00ba 112\/96, de 5 de Agosto de 1996<\/strong><\/p>\n<p align=\"justify\">Estabelece as regras de seguran\u00e7a e de sa\u00fade relativas aos aparelhos e sistemas de protec\u00e7\u00e3o destinados a ser utilizados em atmosferas potencialmente explosivas.<\/p>\n<p align=\"justify\"><strong>Decreto-Lei n\u00ba 35\/94, de 8 de Fevereiro de 1994<\/strong><\/p>\n<p align=\"justify\">Altera as taxas dos Fundos de Subst\u00e2ncias Explosivas (FSE) e de Fiscaliza\u00e7\u00e3o de Explosivos e Armamento (FFEA).<\/p>\n<p align=\"justify\"><strong>Decreto-Lei n\u00ba 521\/71, de 24 de Novembro de 1971<\/strong><\/p>\n<div align=\"justify\">Estabelece o regime de pol\u00edcia da produ\u00e7\u00e3o, com\u00e9rcio, deten\u00e7\u00e3o, armazenagem e emprego de armamento, muni\u00e7\u00f5es e subst\u00e2ncias explosivas e determina que a Comiss\u00e3o dos Explosivos, organismo de consulta e execu\u00e7\u00e3o constitu\u00eddo no Minist\u00e9rio da Economia, passe, com todas as suas depend\u00eancias, para o depart (&#8230;)<\/div>\n","protected":false},"excerpt":{"rendered":"<p>Portaria n\u00ba 1231\/2010, de 9 de Dezembro de 2010 Fixa as taxas devidas \u00e0 administra\u00e7\u00e3o pela pr\u00e1tica de actos relacionados com a organiza\u00e7\u00e3o e andamento dos processos de licenciamento dos estabelecimentos de fabrico e armazenagem de produtos explosivos. Decreto-Lei n\u00ba 119\/2010, de 27 de Outubro de 2010 Refor\u00e7a os mecanismos de localiza\u00e7\u00e3o e seguran\u00e7a do [&hellip;]<\/p>\n","protected":false},"author":1,"featured_media":0,"parent":0,"menu_order":0,"comment_status":"open","ping_status":"open","template":"","meta":[],"_links":{"self":[{"href":"https:\/\/santosvieiralda.com\/index.php?rest_route=\/wp\/v2\/pages\/4539"}],"collection":[{"href":"https:\/\/santosvieiralda.com\/index.php?rest_route=\/wp\/v2\/pages"}],"about":[{"href":"https:\/\/santosvieiralda.com\/index.php?rest_route=\/wp\/v2\/types\/page"}],"author":[{"embeddable":true,"href":"https:\/\/santosvieiralda.com\/index.php?rest_route=\/wp\/v2\/users\/1"}],"replies":[{"embeddable":true,"href":"https:\/\/santosvieiralda.com\/index.php?rest_route=%2Fwp%2Fv2%2Fcomments&post=4539"}],"version-history":[{"count":2,"href":"https:\/\/santosvieiralda.com\/index.php?rest_route=\/wp\/v2\/pages\/4539\/revisions"}],"predecessor-version":[{"id":5272,"href":"https:\/\/santosvieiralda.com\/index.php?rest_route=\/wp\/v2\/pages\/4539\/revisions\/5272"}],"wp:attachment":[{"href":"https:\/\/santosvieiralda.com\/index.php?rest_route=%2Fwp%2Fv2%2Fmedia&parent=4539"}],"curies":[{"name":"wp","href":"https:\/\/api.w.org\/{rel}","templated":true}]}}

<div class="aq-template-wrapper aq_row"><div class="aq_span4 clearfix aq-first"><img loading="lazy" class="aligncenter size-medium wp-image-5237" alt="legi1" src="http://santosvieiralda.com/wp-content/uploads/2013/09/legi11-300x154.jpg" width="300" height="154" srcset="https://santosvieiralda.com/wp-content/uploads/2013/09/legi11-300x154.jpg 300w, https://santosvieiralda.com/wp-content/uploads/2013/09/legi11.jpg 700w" sizes="(max-width: 300px) 100vw, 300px" /></div><div class="aq_span4 clearfix "><img loading="lazy" class="aligncenter size-medium wp-image-5238" alt="legi2" src="http://santosvieiralda.com/wp-content/uploads/2013/09/legi21-300x154.jpg" width="300" height="154" srcset="https://santosvieiralda.com/wp-content/uploads/2013/09/legi21-300x154.jpg 300w, https://santosvieiralda.com/wp-content/uploads/2013/09/legi21.jpg 700w" sizes="(max-width: 300px) 100vw, 300px" /></div><div class="aq_span4 clearfix "><img loading="lazy" class="aligncenter size-medium wp-image-5239" alt="legi3" src="http://santosvieiralda.com/wp-content/uploads/2013/09/legi31-300x154.jpg" width="300" height="154" srcset="https://santosvieiralda.com/wp-content/uploads/2013/09/legi31-300x154.jpg 300w, https://santosvieiralda.com/wp-content/uploads/2013/09/legi31.jpg 700w" sizes="(max-width: 300px) 100vw, 300px" /></div></div>
<p><strong>Portaria nº 1231/2010, de 9 de Dezembro de 2010</strong></p>
<p align="justify">Fixa as taxas devidas à administração pela prática de actos relacionados com a organização e andamento dos processos de licenciamento dos estabelecimentos de fabrico e armazenagem de produtos explosivos.</p>
<p align="justify"><strong>Decreto-Lei nº 119/2010, de 27 de Outubro de 2010</strong></p>
<p align="justify">Reforça os mecanismos de localização e segurança do transporte de explosivos e procede à segunda alteração ao Decreto-Lei n.º 521/71, de 24 de Novembro.</p>
<p align="justify"><strong>Decreto-Lei nº 87/2005, de 23 de Maio de 2005</strong></p>
<p align="justify">Define o regime aplicável por força da caducidade de alvarás e licenças dos estabelecimentos de fabrico e de armazenagem de produtos explosivos.</p>
<p align="justify"><strong>Decreto-Lei nº 236/2003, de 30 de Setembro de 2003</strong></p>
<p align="justify">Transpõe para a ordem jurídica nacional a Directiva n.º 1999/92/CE, do Parlamento Europeu e do Conselho, de 12 de Dezembro, relativa às prescrições mínimas destinadas a promover a melhoria da protecção da segurança e da saúde dos trabalhadores susceptíveis de serem expostos a riscos derivados de atmo (&#8230;)</p>
<p align="justify"><strong>Decreto-Lei nº 139/2003, de 2 de Julho de 2003</strong></p>
<p align="justify">Prorroga, pelo período de dois anos, o prazo de caducidade dos alvarás e licenças de fabrico ou de armazenagem de produtos explosivos, fixado no art. 3º do decreto-Lei nº 139/2002, de 17 de Maio.</p>
<p align="justify"><strong>Decreto-Lei nº 139/2002, de 17 de Maio de 2002</strong></p>
<p align="justify">Aprova o Regulamento de segurança dos estabelecimentos de fabrico e armazenagem de produtos explosivos.</p>
<p align="justify"><strong>Portaria nº 341/97, de 21 de Maio de 1997</strong></p>
<p align="justify">Regulamenta os procedimentos de conformidade dos aparelhos e sistemas de protecção destinados a ser utilizados em atmosferas potencialmente explosivas.</p>
<p align="justify"><strong>Decreto-lei nº 112/96, de 5 de Agosto de 1996</strong></p>
<p align="justify">Estabelece as regras de segurança e de saúde relativas aos aparelhos e sistemas de protecção destinados a ser utilizados em atmosferas potencialmente explosivas.</p>
<p align="justify"><strong>Decreto-Lei nº 35/94, de 8 de Fevereiro de 1994</strong></p>
<p align="justify">Altera as taxas dos Fundos de Substâncias Explosivas (FSE) e de Fiscalização de Explosivos e Armamento (FFEA).</p>
<p align="justify"><strong>Decreto-Lei nº 521/71, de 24 de Novembro de 1971</strong></p>
<div align="justify">Estabelece o regime de polícia da produção, comércio, detenção, armazenagem e emprego de armamento, munições e substâncias explosivas e determina que a Comissão dos Explosivos, organismo de consulta e execução constituído no Ministério da Economia, passe, com todas as suas dependências, para o depart (&#8230;)</div>

<p>Portaria nº 1231/2010, de 9 de Dezembro de 2010 Fixa as taxas devidas à administração pela prática de actos relacionados com a organização e andamento dos processos de licenciamento dos estabelecimentos de fabrico e armazenagem de produtos explosivos. Decreto-Lei nº 119/2010, de 27 de Outubro de 2010 Reforça os mecanismos de localização e segurança do [&hellip;]</p>
