{"id":4547,"date":"2013-09-05T13:29:05","date_gmt":"2013-09-05T13:29:05","guid":{"rendered":"https:\/\/santosvieiralda.com\/?page_id=4547"},"modified":"2014-01-01T11:30:03","modified_gmt":"2014-01-01T11:30:03","slug":"equipamentos-de-protecao-individual","status":"publish","type":"page","link":"https:\/\/santosvieiralda.com\/?page_id=4547","title":{"rendered":"Equipamentos de Prote\u00e7\u00e3o Individual"},"content":{"rendered":"<div class=\"aq-template-wrapper aq_row\"><div class=\"aq_span4 clearfix aq-first\"><img loading=\"lazy\" class=\"aligncenter size-medium wp-image-5237\" alt=\"legi1\" src=\"http:\/\/santosvieiralda.com\/wp-content\/uploads\/2013\/09\/legi11-300x154.jpg\" width=\"300\" height=\"154\" srcset=\"https:\/\/santosvieiralda.com\/wp-content\/uploads\/2013\/09\/legi11-300x154.jpg 300w, https:\/\/santosvieiralda.com\/wp-content\/uploads\/2013\/09\/legi11.jpg 700w\" sizes=\"(max-width: 300px) 100vw, 300px\" \/><\/div><div class=\"aq_span4 clearfix \"><img loading=\"lazy\" class=\"aligncenter size-medium wp-image-5238\" alt=\"legi2\" src=\"http:\/\/santosvieiralda.com\/wp-content\/uploads\/2013\/09\/legi21-300x154.jpg\" width=\"300\" height=\"154\" srcset=\"https:\/\/santosvieiralda.com\/wp-content\/uploads\/2013\/09\/legi21-300x154.jpg 300w, https:\/\/santosvieiralda.com\/wp-content\/uploads\/2013\/09\/legi21.jpg 700w\" sizes=\"(max-width: 300px) 100vw, 300px\" \/><\/div><div class=\"aq_span4 clearfix \"><img loading=\"lazy\" class=\"aligncenter size-medium wp-image-5239\" alt=\"legi3\" src=\"http:\/\/santosvieiralda.com\/wp-content\/uploads\/2013\/09\/legi31-300x154.jpg\" width=\"300\" height=\"154\" srcset=\"https:\/\/santosvieiralda.com\/wp-content\/uploads\/2013\/09\/legi31-300x154.jpg 300w, https:\/\/santosvieiralda.com\/wp-content\/uploads\/2013\/09\/legi31.jpg 700w\" sizes=\"(max-width: 300px) 100vw, 300px\" \/><\/div><\/div>\n<p align=\"justify\"><strong>Decreto-lei n\u00ba 374\/98 de 24 de Novembro de 1998<\/strong><\/p>\n<p align=\"justify\">Altera o Decreto-lei n.\u00ba 128\/93, de 22 de Abril,que estabelece as prescri\u00e7\u00f5es m\u00ednimas de seguran\u00e7a a que devem obedecer o fabrico e comercializa\u00e7\u00e3o dos equipamentos de protec\u00e7\u00e3o individual.<\/p>\n<p align=\"justify\"><strong>Portaria n\u00ba 695\/97 de 19 de Agosto de 1997<\/strong><\/p>\n<p align=\"justify\">Altera os Anexos I e V da portaria n\u00ba 1131\/93, de 4 de Novembro, que fixa os requisitos essenciais de seguran\u00e7a e sa\u00fade a que devem obedecer o fabrico e comercializa\u00e7\u00e3o de equipamentos de protec\u00e7\u00e3o individual.<\/p>\n<p align=\"justify\"><strong>Portaria n\u00ba 109\/96, de 10 de Abril de 1996<\/strong><\/p>\n<p align=\"justify\">Altera os Anexos I, II, IV e V da portaria n\u00ba 1131\/93, de 4 de Novembro, que fixa os requisitos essenciais de seguran\u00e7a e sa\u00fade a que devem obedecer o fabrico e comercializa\u00e7\u00e3o de equipamentos de protec\u00e7\u00e3o individual.<\/p>\n<p align=\"justify\"><strong>Decreto-Lei n\u00ba 139\/95, de 14 de Junho de 1995<\/strong><\/p>\n<p align=\"justify\">Altera diversa legisla\u00e7\u00e3o no \u00e2mbito dos requisitos de seguran\u00e7a e identifica\u00e7\u00e3o a que devem obedecer o fabrico e comercializa\u00e7\u00e3o de determinados produtos e equipamentos.<\/p>\n<p align=\"justify\"><strong>Portaria n\u00ba 1131\/93 de 4 de Novembro de 1993<\/strong><\/p>\n<p align=\"justify\">Estabelece as exig\u00eancias essenciais relativas \u00e0 sa\u00fade e seguran\u00e7a aplic\u00e1veis aos equipamentos de protec\u00e7\u00e3o individual.<\/p>\n<p align=\"justify\"><strong>Portaria n\u00ba 989\/93, de 06 de Outubro de 1993<\/strong><\/p>\n<p align=\"justify\">Estabelece as prescri\u00e7\u00f5es m\u00ednimas de seguran\u00e7a e sa\u00fade respeitantes ao trabalho com equipamentos dotados de visor.<\/p>\n<p align=\"justify\"><strong>Portaria n\u00ba 988\/93, de 06 de Outubro de 1993<\/strong><\/p>\n<p align=\"justify\">Estabelece as prescri\u00e7\u00f5es m\u00ednimas de seguran\u00e7a e sa\u00fade dos trabalhadores na utiliza\u00e7\u00e3o de equipamento de protec\u00e7\u00e3o individual.<\/p>\n<p align=\"justify\"><strong>Decreto-Lei n\u00ba 349\/93, de 01 de Outubro de 1993<\/strong><\/p>\n<p align=\"justify\">Transp\u00f5e para a ordem jur\u00eddica interna a Directiva n.\u00ba 90\/270\/CEE, do Conselho, de 29 de Maio, relativa \u00e0s prescri\u00e7\u00f5es m\u00ednimas de seguran\u00e7a e de sa\u00fade respeitantes ao trabalho com equipamentos dotados de visor.<\/p>\n<p align=\"justify\"><strong>Decreto-Lei n\u00ba 348\/93, de 01 de Outubro de 1993<\/strong><\/p>\n<p align=\"justify\">Transp\u00f5e para a ordem jur\u00eddica interna a Directiva n\u00ba 89\/656\/CEE, do Conselho, de 30 de Novembro, relativa \u00e0s prescri\u00e7\u00f5es m\u00ednimas de seguran\u00e7a e de sa\u00fade para a utiliza\u00e7\u00e3o pelos trabalhadores de equipamento de protec\u00e7\u00e3o individual no trabalho.<\/p>\n<p align=\"justify\"><strong>Comunica\u00e7\u00e3o n\u00ba 2010\/C 118\/02, de 6 de Maio de 2010<\/strong><\/p>\n<p align=\"justify\">Comunica\u00e7\u00e3o da Comiss\u00e3o no \u00e2mbito da execu\u00e7\u00e3o da Directiva 89\/686\/CEE do Conselho, de 21 de Dezembro de 1989, relativa \u00e0 aproxima\u00e7\u00e3o das legisla\u00e7\u00f5es dos Estados-Membros respeitantes aos equipamentos de protec\u00e7\u00e3o individual.<\/p>\n<p align=\"justify\"><strong>Decreto-Lei n\u00ba 128\/93 de 22 de Abril de 1993<\/strong><\/p>\n<p align=\"justify\">Transp\u00f5e para a ordem jur\u00eddica interna a Directiva do Conselho n.\u00ba 89\/686\/CEE, de 21 de Dezembro, relativa aos equipamentos de protec\u00e7\u00e3o individual.<\/p>\n<p align=\"justify\"><strong>Diretiva n\u00ba 89\/686\/CEE, de 21 de Dezembro de 1989<\/strong><\/p>\n<div align=\"justify\">Directiva do Conselho de 21 de Dezembro de 1989 relativa \u00e0 aproxima\u00e7\u00e3o das legisla\u00e7\u00f5es dos Estados-membros respeitantes aos equipamentos de protec\u00e7\u00e3o individual.<\/div>\n","protected":false},"excerpt":{"rendered":"<p>Decreto-lei n\u00ba 374\/98 de 24 de Novembro de 1998 Altera o Decreto-lei n.\u00ba 128\/93, de 22 de Abril,que estabelece as prescri\u00e7\u00f5es m\u00ednimas de seguran\u00e7a a que devem obedecer o fabrico e comercializa\u00e7\u00e3o dos equipamentos de protec\u00e7\u00e3o individual. Portaria n\u00ba 695\/97 de 19 de Agosto de 1997 Altera os Anexos I e V da portaria n\u00ba [&hellip;]<\/p>\n","protected":false},"author":1,"featured_media":0,"parent":0,"menu_order":0,"comment_status":"open","ping_status":"open","template":"","meta":[],"_links":{"self":[{"href":"https:\/\/santosvieiralda.com\/index.php?rest_route=\/wp\/v2\/pages\/4547"}],"collection":[{"href":"https:\/\/santosvieiralda.com\/index.php?rest_route=\/wp\/v2\/pages"}],"about":[{"href":"https:\/\/santosvieiralda.com\/index.php?rest_route=\/wp\/v2\/types\/page"}],"author":[{"embeddable":true,"href":"https:\/\/santosvieiralda.com\/index.php?rest_route=\/wp\/v2\/users\/1"}],"replies":[{"embeddable":true,"href":"https:\/\/santosvieiralda.com\/index.php?rest_route=%2Fwp%2Fv2%2Fcomments&post=4547"}],"version-history":[{"count":2,"href":"https:\/\/santosvieiralda.com\/index.php?rest_route=\/wp\/v2\/pages\/4547\/revisions"}],"predecessor-version":[{"id":5276,"href":"https:\/\/santosvieiralda.com\/index.php?rest_route=\/wp\/v2\/pages\/4547\/revisions\/5276"}],"wp:attachment":[{"href":"https:\/\/santosvieiralda.com\/index.php?rest_route=%2Fwp%2Fv2%2Fmedia&parent=4547"}],"curies":[{"name":"wp","href":"https:\/\/api.w.org\/{rel}","templated":true}]}}

Equipamentos de Proteção Individual

<div class="aq-template-wrapper aq_row"><div class="aq_span4 clearfix aq-first"><img loading="lazy" class="aligncenter size-medium wp-image-5237" alt="legi1" src="http://santosvieiralda.com/wp-content/uploads/2013/09/legi11-300x154.jpg" width="300" height="154" srcset="https://santosvieiralda.com/wp-content/uploads/2013/09/legi11-300x154.jpg 300w, https://santosvieiralda.com/wp-content/uploads/2013/09/legi11.jpg 700w" sizes="(max-width: 300px) 100vw, 300px" /></div><div class="aq_span4 clearfix "><img loading="lazy" class="aligncenter size-medium wp-image-5238" alt="legi2" src="http://santosvieiralda.com/wp-content/uploads/2013/09/legi21-300x154.jpg" width="300" height="154" srcset="https://santosvieiralda.com/wp-content/uploads/2013/09/legi21-300x154.jpg 300w, https://santosvieiralda.com/wp-content/uploads/2013/09/legi21.jpg 700w" sizes="(max-width: 300px) 100vw, 300px" /></div><div class="aq_span4 clearfix "><img loading="lazy" class="aligncenter size-medium wp-image-5239" alt="legi3" src="http://santosvieiralda.com/wp-content/uploads/2013/09/legi31-300x154.jpg" width="300" height="154" srcset="https://santosvieiralda.com/wp-content/uploads/2013/09/legi31-300x154.jpg 300w, https://santosvieiralda.com/wp-content/uploads/2013/09/legi31.jpg 700w" sizes="(max-width: 300px) 100vw, 300px" /></div></div>
<p align="justify"><strong>Decreto-lei nº 374/98 de 24 de Novembro de 1998</strong></p>
<p align="justify">Altera o Decreto-lei n.º 128/93, de 22 de Abril,que estabelece as prescrições mínimas de segurança a que devem obedecer o fabrico e comercialização dos equipamentos de protecção individual.</p>
<p align="justify"><strong>Portaria nº 695/97 de 19 de Agosto de 1997</strong></p>
<p align="justify">Altera os Anexos I e V da portaria nº 1131/93, de 4 de Novembro, que fixa os requisitos essenciais de segurança e saúde a que devem obedecer o fabrico e comercialização de equipamentos de protecção individual.</p>
<p align="justify"><strong>Portaria nº 109/96, de 10 de Abril de 1996</strong></p>
<p align="justify">Altera os Anexos I, II, IV e V da portaria nº 1131/93, de 4 de Novembro, que fixa os requisitos essenciais de segurança e saúde a que devem obedecer o fabrico e comercialização de equipamentos de protecção individual.</p>
<p align="justify"><strong>Decreto-Lei nº 139/95, de 14 de Junho de 1995</strong></p>
<p align="justify">Altera diversa legislação no âmbito dos requisitos de segurança e identificação a que devem obedecer o fabrico e comercialização de determinados produtos e equipamentos.</p>
<p align="justify"><strong>Portaria nº 1131/93 de 4 de Novembro de 1993</strong></p>
<p align="justify">Estabelece as exigências essenciais relativas à saúde e segurança aplicáveis aos equipamentos de protecção individual.</p>
<p align="justify"><strong>Portaria nº 989/93, de 06 de Outubro de 1993</strong></p>
<p align="justify">Estabelece as prescrições mínimas de segurança e saúde respeitantes ao trabalho com equipamentos dotados de visor.</p>
<p align="justify"><strong>Portaria nº 988/93, de 06 de Outubro de 1993</strong></p>
<p align="justify">Estabelece as prescrições mínimas de segurança e saúde dos trabalhadores na utilização de equipamento de protecção individual.</p>
<p align="justify"><strong>Decreto-Lei nº 349/93, de 01 de Outubro de 1993</strong></p>
<p align="justify">Transpõe para a ordem jurídica interna a Directiva n.º 90/270/CEE, do Conselho, de 29 de Maio, relativa às prescrições mínimas de segurança e de saúde respeitantes ao trabalho com equipamentos dotados de visor.</p>
<p align="justify"><strong>Decreto-Lei nº 348/93, de 01 de Outubro de 1993</strong></p>
<p align="justify">Transpõe para a ordem jurídica interna a Directiva nº 89/656/CEE, do Conselho, de 30 de Novembro, relativa às prescrições mínimas de segurança e de saúde para a utilização pelos trabalhadores de equipamento de protecção individual no trabalho.</p>
<p align="justify"><strong>Comunicação nº 2010/C 118/02, de 6 de Maio de 2010</strong></p>
<p align="justify">Comunicação da Comissão no âmbito da execução da Directiva 89/686/CEE do Conselho, de 21 de Dezembro de 1989, relativa à aproximação das legislações dos Estados-Membros respeitantes aos equipamentos de protecção individual.</p>
<p align="justify"><strong>Decreto-Lei nº 128/93 de 22 de Abril de 1993</strong></p>
<p align="justify">Transpõe para a ordem jurídica interna a Directiva do Conselho n.º 89/686/CEE, de 21 de Dezembro, relativa aos equipamentos de protecção individual.</p>
<p align="justify"><strong>Diretiva nº 89/686/CEE, de 21 de Dezembro de 1989</strong></p>
<div align="justify">Directiva do Conselho de 21 de Dezembro de 1989 relativa à aproximação das legislações dos Estados-membros respeitantes aos equipamentos de protecção individual.</div>

<p>Decreto-lei nº 374/98 de 24 de Novembro de 1998 Altera o Decreto-lei n.º 128/93, de 22 de Abril,que estabelece as prescrições mínimas de segurança a que devem obedecer o fabrico e comercialização dos equipamentos de protecção individual. Portaria nº 695/97 de 19 de Agosto de 1997 Altera os Anexos I e V da portaria nº [&hellip;]</p>
