{"id":4549,"date":"2013-09-05T13:30:22","date_gmt":"2013-09-05T13:30:22","guid":{"rendered":"https:\/\/santosvieiralda.com\/?page_id=4549"},"modified":"2014-01-01T11:30:40","modified_gmt":"2014-01-01T11:30:40","slug":"industria","status":"publish","type":"page","link":"https:\/\/santosvieiralda.com\/?page_id=4549","title":{"rendered":"Ind\u00fastria"},"content":{"rendered":"<div class=\"aq-template-wrapper aq_row\"><div class=\"aq_span4 clearfix aq-first\"><img loading=\"lazy\" class=\"aligncenter size-medium wp-image-5237\" alt=\"legi1\" src=\"http:\/\/santosvieiralda.com\/wp-content\/uploads\/2013\/09\/legi11-300x154.jpg\" width=\"300\" height=\"154\" srcset=\"https:\/\/santosvieiralda.com\/wp-content\/uploads\/2013\/09\/legi11-300x154.jpg 300w, https:\/\/santosvieiralda.com\/wp-content\/uploads\/2013\/09\/legi11.jpg 700w\" sizes=\"(max-width: 300px) 100vw, 300px\" \/><\/div><div class=\"aq_span4 clearfix \"><img loading=\"lazy\" class=\"aligncenter size-medium wp-image-5238\" alt=\"legi2\" src=\"http:\/\/santosvieiralda.com\/wp-content\/uploads\/2013\/09\/legi21-300x154.jpg\" width=\"300\" height=\"154\" srcset=\"https:\/\/santosvieiralda.com\/wp-content\/uploads\/2013\/09\/legi21-300x154.jpg 300w, https:\/\/santosvieiralda.com\/wp-content\/uploads\/2013\/09\/legi21.jpg 700w\" sizes=\"(max-width: 300px) 100vw, 300px\" \/><\/div><div class=\"aq_span4 clearfix \"><img loading=\"lazy\" class=\"aligncenter size-medium wp-image-5239\" alt=\"legi3\" src=\"http:\/\/santosvieiralda.com\/wp-content\/uploads\/2013\/09\/legi31-300x154.jpg\" width=\"300\" height=\"154\" srcset=\"https:\/\/santosvieiralda.com\/wp-content\/uploads\/2013\/09\/legi31-300x154.jpg 300w, https:\/\/santosvieiralda.com\/wp-content\/uploads\/2013\/09\/legi31.jpg 700w\" sizes=\"(max-width: 300px) 100vw, 300px\" \/><\/div><\/div>\n<p align=\"justify\"><strong>Decreto-Lei n\u00ba 72\/2009, de 31 de Mar\u00e7o de 2009<\/strong><\/p>\n<p align=\"justify\">Estabelece o regime de instala\u00e7\u00e3o e explora\u00e7\u00e3o das \u00e1reas de localiza\u00e7\u00e3o empresarial e revoga o Decreto-Lei n\u00ba 70\/2003, de 10 de Abril.<\/p>\n<p align=\"justify\"><strong>Declara\u00e7\u00e3o de Rectifica\u00e7\u00e3o n\u00ba 15\/2009, de 10 de Fevereiro de 2009<\/strong><\/p>\n<p align=\"justify\">Rectifica a Declara\u00e7\u00e3o de Rectifica\u00e7\u00e3o n.\u00ba 77-A\/2008, de 26 de Dezembro, que rectifica o Decreto-Lei n.\u00ba 209\/2008, de 29 de Outubro, que estabelece o regime de exerc\u00edcio da actividade industrial (REAI), e revoga o Decreto-Lei n.\u00ba 69\/2003, de 10 de Abril, e respectivos diplomas regulamentares, publica (&#8230;)<\/p>\n<p align=\"justify\"><strong>Decreto-Lei n\u00ba 209\/2008, de 29 de Outubro de 2008<\/strong><\/p>\n<p align=\"justify\">Estabelece o regime de exerc\u00edcio da actividade industrial (REAI) e revoga o Decreto-Lei n.\u00ba 69\/2003 de 10 de Abril, e respectivos diplomas regulamentares.<\/p>\n<p align=\"justify\"><strong>Portaria n\u00ba 198\/96, de 04 de Junho de 1996<\/strong><\/p>\n<p align=\"justify\">Regula as prescri\u00e7\u00f5es m\u00ednimas de seguran\u00e7a e de sa\u00fade nos locais e postos de trabalho das ind\u00fastrias extractivas a c\u00e9u aberto ou subterr\u00e2neas.<\/p>\n<p align=\"justify\"><strong>Decreto-Lei n\u00ba 324\/95, de 29 de Novembro de 1995<\/strong><\/p>\n<p align=\"justify\">Transp\u00f5e para a ordem jur\u00eddica interna as Directivas n.os 92\/91\/CEE, de 3 de Novembro, e 92\/104\/CEE, de 3 de Dezembro, relativas \u00e0s prescri\u00e7\u00f5es m\u00ednimas de sa\u00fade e seguran\u00e7a a aplicar nas ind\u00fastrias extractivas por perfura\u00e7\u00e3o a c\u00e9u aberto ou subterr\u00e2neas.<\/p>\n<p align=\"justify\"><strong>Decreto-Lei n\u00ba 162\/90, de 22 de Maio de 1990<\/strong><\/p>\n<p align=\"justify\">Estabelece o regulamento geral de seguran\u00e7a e sa\u00fade no trabalho nas minas.<\/p>\n<p><strong>Decreto-Lei n\u00ba 426\/83, de 12 de Julho de 1983<\/strong><\/p>\n<p>Aprova o Regulamento de Protec\u00e7\u00e3o e Seguran\u00e7a Radiol\u00f3gica nas Minas e Anexos de tratamento de Min\u00e9rio e de Recupera\u00e7\u00e3o de Ur\u00e2nio.<\/p>\n<p><strong>Portaria n\u00ba 702\/80, de 22 de Setembro de 1980<\/strong><\/p>\n<p>Aprova o Regulamento Geral de Seguran\u00e7a e Sa\u00fade do Trabalho nos Estabelecimentos Industriais.<\/p>\n<p><strong>Portaria n\u00ba 53\/71, de 03 de Fevereiro de 1971<\/strong><\/p>\n<p>Aprova o Regulamento Geral de Seguran\u00e7a e Sa\u00fade do Trabalho nos Estabelecimentos Industriais.<\/p>\n","protected":false},"excerpt":{"rendered":"<p>Decreto-Lei n\u00ba 72\/2009, de 31 de Mar\u00e7o de 2009 Estabelece o regime de instala\u00e7\u00e3o e explora\u00e7\u00e3o das \u00e1reas de localiza\u00e7\u00e3o empresarial e revoga o Decreto-Lei n\u00ba 70\/2003, de 10 de Abril. Declara\u00e7\u00e3o de Rectifica\u00e7\u00e3o n\u00ba 15\/2009, de 10 de Fevereiro de 2009 Rectifica a Declara\u00e7\u00e3o de Rectifica\u00e7\u00e3o n.\u00ba 77-A\/2008, de 26 de Dezembro, que rectifica [&hellip;]<\/p>\n","protected":false},"author":1,"featured_media":0,"parent":0,"menu_order":0,"comment_status":"open","ping_status":"open","template":"","meta":[],"_links":{"self":[{"href":"https:\/\/santosvieiralda.com\/index.php?rest_route=\/wp\/v2\/pages\/4549"}],"collection":[{"href":"https:\/\/santosvieiralda.com\/index.php?rest_route=\/wp\/v2\/pages"}],"about":[{"href":"https:\/\/santosvieiralda.com\/index.php?rest_route=\/wp\/v2\/types\/page"}],"author":[{"embeddable":true,"href":"https:\/\/santosvieiralda.com\/index.php?rest_route=\/wp\/v2\/users\/1"}],"replies":[{"embeddable":true,"href":"https:\/\/santosvieiralda.com\/index.php?rest_route=%2Fwp%2Fv2%2Fcomments&post=4549"}],"version-history":[{"count":2,"href":"https:\/\/santosvieiralda.com\/index.php?rest_route=\/wp\/v2\/pages\/4549\/revisions"}],"predecessor-version":[{"id":5277,"href":"https:\/\/santosvieiralda.com\/index.php?rest_route=\/wp\/v2\/pages\/4549\/revisions\/5277"}],"wp:attachment":[{"href":"https:\/\/santosvieiralda.com\/index.php?rest_route=%2Fwp%2Fv2%2Fmedia&parent=4549"}],"curies":[{"name":"wp","href":"https:\/\/api.w.org\/{rel}","templated":true}]}}

Indústria

<div class="aq-template-wrapper aq_row"><div class="aq_span4 clearfix aq-first"><img loading="lazy" class="aligncenter size-medium wp-image-5237" alt="legi1" src="http://santosvieiralda.com/wp-content/uploads/2013/09/legi11-300x154.jpg" width="300" height="154" srcset="https://santosvieiralda.com/wp-content/uploads/2013/09/legi11-300x154.jpg 300w, https://santosvieiralda.com/wp-content/uploads/2013/09/legi11.jpg 700w" sizes="(max-width: 300px) 100vw, 300px" /></div><div class="aq_span4 clearfix "><img loading="lazy" class="aligncenter size-medium wp-image-5238" alt="legi2" src="http://santosvieiralda.com/wp-content/uploads/2013/09/legi21-300x154.jpg" width="300" height="154" srcset="https://santosvieiralda.com/wp-content/uploads/2013/09/legi21-300x154.jpg 300w, https://santosvieiralda.com/wp-content/uploads/2013/09/legi21.jpg 700w" sizes="(max-width: 300px) 100vw, 300px" /></div><div class="aq_span4 clearfix "><img loading="lazy" class="aligncenter size-medium wp-image-5239" alt="legi3" src="http://santosvieiralda.com/wp-content/uploads/2013/09/legi31-300x154.jpg" width="300" height="154" srcset="https://santosvieiralda.com/wp-content/uploads/2013/09/legi31-300x154.jpg 300w, https://santosvieiralda.com/wp-content/uploads/2013/09/legi31.jpg 700w" sizes="(max-width: 300px) 100vw, 300px" /></div></div>
<p align="justify"><strong>Decreto-Lei nº 72/2009, de 31 de Março de 2009</strong></p>
<p align="justify">Estabelece o regime de instalação e exploração das áreas de localização empresarial e revoga o Decreto-Lei nº 70/2003, de 10 de Abril.</p>
<p align="justify"><strong>Declaração de Rectificação nº 15/2009, de 10 de Fevereiro de 2009</strong></p>
<p align="justify">Rectifica a Declaração de Rectificação n.º 77-A/2008, de 26 de Dezembro, que rectifica o Decreto-Lei n.º 209/2008, de 29 de Outubro, que estabelece o regime de exercício da actividade industrial (REAI), e revoga o Decreto-Lei n.º 69/2003, de 10 de Abril, e respectivos diplomas regulamentares, publica (&#8230;)</p>
<p align="justify"><strong>Decreto-Lei nº 209/2008, de 29 de Outubro de 2008</strong></p>
<p align="justify">Estabelece o regime de exercício da actividade industrial (REAI) e revoga o Decreto-Lei n.º 69/2003 de 10 de Abril, e respectivos diplomas regulamentares.</p>
<p align="justify"><strong>Portaria nº 198/96, de 04 de Junho de 1996</strong></p>
<p align="justify">Regula as prescrições mínimas de segurança e de saúde nos locais e postos de trabalho das indústrias extractivas a céu aberto ou subterrâneas.</p>
<p align="justify"><strong>Decreto-Lei nº 324/95, de 29 de Novembro de 1995</strong></p>
<p align="justify">Transpõe para a ordem jurídica interna as Directivas n.os 92/91/CEE, de 3 de Novembro, e 92/104/CEE, de 3 de Dezembro, relativas às prescrições mínimas de saúde e segurança a aplicar nas indústrias extractivas por perfuração a céu aberto ou subterrâneas.</p>
<p align="justify"><strong>Decreto-Lei nº 162/90, de 22 de Maio de 1990</strong></p>
<p align="justify">Estabelece o regulamento geral de segurança e saúde no trabalho nas minas.</p>
<p><strong>Decreto-Lei nº 426/83, de 12 de Julho de 1983</strong></p>
<p>Aprova o Regulamento de Protecção e Segurança Radiológica nas Minas e Anexos de tratamento de Minério e de Recuperação de Urânio.</p>
<p><strong>Portaria nº 702/80, de 22 de Setembro de 1980</strong></p>
<p>Aprova o Regulamento Geral de Segurança e Saúde do Trabalho nos Estabelecimentos Industriais.</p>
<p><strong>Portaria nº 53/71, de 03 de Fevereiro de 1971</strong></p>
<p>Aprova o Regulamento Geral de Segurança e Saúde do Trabalho nos Estabelecimentos Industriais.</p>

<p>Decreto-Lei nº 72/2009, de 31 de Março de 2009 Estabelece o regime de instalação e exploração das áreas de localização empresarial e revoga o Decreto-Lei nº 70/2003, de 10 de Abril. Declaração de Rectificação nº 15/2009, de 10 de Fevereiro de 2009 Rectifica a Declaração de Rectificação n.º 77-A/2008, de 26 de Dezembro, que rectifica [&hellip;]</p>
