{"id":4553,"date":"2013-09-05T13:35:18","date_gmt":"2013-09-05T13:35:18","guid":{"rendered":"https:\/\/santosvieiralda.com\/?page_id=4553"},"modified":"2014-01-01T11:34:03","modified_gmt":"2014-01-01T11:34:03","slug":"radiacoes-ionizantes","status":"publish","type":"page","link":"https:\/\/santosvieiralda.com\/?page_id=4553","title":{"rendered":"Radia\u00e7\u00f5es Ionizantes"},"content":{"rendered":"<div class=\"aq-template-wrapper aq_row\"><div class=\"aq_span4 clearfix aq-first\"><img loading=\"lazy\" class=\"aligncenter size-medium wp-image-5237\" alt=\"legi1\" src=\"http:\/\/santosvieiralda.com\/wp-content\/uploads\/2013\/09\/legi11-300x154.jpg\" width=\"300\" height=\"154\" srcset=\"https:\/\/santosvieiralda.com\/wp-content\/uploads\/2013\/09\/legi11-300x154.jpg 300w, https:\/\/santosvieiralda.com\/wp-content\/uploads\/2013\/09\/legi11.jpg 700w\" sizes=\"(max-width: 300px) 100vw, 300px\" \/><\/div><div class=\"aq_span4 clearfix \"><img loading=\"lazy\" class=\"aligncenter size-medium wp-image-5238\" alt=\"legi2\" src=\"http:\/\/santosvieiralda.com\/wp-content\/uploads\/2013\/09\/legi21-300x154.jpg\" width=\"300\" height=\"154\" srcset=\"https:\/\/santosvieiralda.com\/wp-content\/uploads\/2013\/09\/legi21-300x154.jpg 300w, https:\/\/santosvieiralda.com\/wp-content\/uploads\/2013\/09\/legi21.jpg 700w\" sizes=\"(max-width: 300px) 100vw, 300px\" \/><\/div><div class=\"aq_span4 clearfix \"><img loading=\"lazy\" class=\"aligncenter size-medium wp-image-5239\" alt=\"legi3\" src=\"http:\/\/santosvieiralda.com\/wp-content\/uploads\/2013\/09\/legi31-300x154.jpg\" width=\"300\" height=\"154\" srcset=\"https:\/\/santosvieiralda.com\/wp-content\/uploads\/2013\/09\/legi31-300x154.jpg 300w, https:\/\/santosvieiralda.com\/wp-content\/uploads\/2013\/09\/legi31.jpg 700w\" sizes=\"(max-width: 300px) 100vw, 300px\" \/><\/div><\/div>\n<p align=\"justify\"><strong>Portaria n\u00ba 1106\/2009, de 24 de Setembro de 2009<\/strong><\/p>\n<p align=\"justify\">Aprova o Regulamento do Controlo Metrol\u00f3gico dos Instrumentos de Medi\u00e7\u00e3o de Radia\u00e7\u00f5es Ionizantes.<\/p>\n<p align=\"justify\"><strong>Decreto-Lei n\u00ba 227\/2008, de 25 de Novembro de 2008<\/strong><\/p>\n<div align=\"justify\">Define o regime jur\u00eddico aplic\u00e1vel \u00e0 qualifica\u00e7\u00e3o profissional em protec\u00e7\u00e3o radiol\u00f3gica, transpondo para a ordem jur\u00eddica interna as disposi\u00e7\u00f5es correspondentes em mat\u00e9ria de peritos qualificados da Directiva n.\u00ba 96\/29\/EURATOM, do Conselho, de 13 de Maio, que fixa as normas de seguran\u00e7a de base relat (&#8230;)<\/div>\n<table width=\"100%\" border=\"0\" cellspacing=\"0\" cellpadding=\"0\">\n<tbody>\n<tr>\n<p align=\"justify\"><strong>Portaria n\u00ba 1106\/2009, de 24 de Setembro de 2009<\/strong><\/p>\n<p align=\"justify\">Aprova o Regulamento do Controlo Metrol\u00f3gico dos Instrumentos de Medi\u00e7\u00e3o de Radia\u00e7\u00f5es Ionizantes.<\/p>\n<p align=\"justify\"><strong>Decreto-Lei n\u00ba 227\/2008, de 25 de Novembro de 2008<\/strong><\/p>\n<p align=\"justify\">Define o regime jur\u00eddico aplic\u00e1vel \u00e0 qualifica\u00e7\u00e3o profissional em protec\u00e7\u00e3o radiol\u00f3gica, transpondo para a ordem jur\u00eddica interna as disposi\u00e7\u00f5es correspondentes em mat\u00e9ria de peritos qualificados da Directiva n.\u00ba 96\/29\/EURATOM, do Conselho, de 13 de Maio, que fixa as normas de seguran\u00e7a de base relat (&#8230;)<\/p>\n<p align=\"justify\"><strong>Decreto-lei n\u00ba 222\/2008, de 17 de Novembro de 2008<\/strong><\/p>\n<p align=\"justify\">Transp\u00f5e parcialmente para a ordem jur\u00eddica interna a Directiva n.\u00ba 96\/29\/EURATOM, do Conselho, de 13 de Maio, que fixa as normas de seguran\u00e7a de base relativas \u00e0 protec\u00e7\u00e3o sanit\u00e1ria da popula\u00e7\u00e3o e dos trabalhadores contra os perigos resultantes das radia\u00e7\u00f5es ionizantes.<\/p>\n<p align=\"justify\"><strong>Decreto-Lei n\u00ba 38\/2007, de 19 de Fevereiro de 2007<\/strong><\/p>\n<p align=\"justify\">Transp\u00f5e para a ordem jur\u00eddica interna a Directiva n.\u00ba 2003\/122\/EURATOM, do Conselho, de 22 de Dezembro, relativa ao controlo de fontes radioactivas seladas, incluindo as fontes de actividade elevada e de fontes \u00f3rf\u00e3s, e estabelece o regime de protec\u00e7\u00e3o das pessoas e do ambiente contra os riscos asso (&#8230;)<\/p>\n<p align=\"justify\"><strong>Decreto-Lei n\u00ba 140\/2005, de 17 de Agosto de 2005<\/strong><\/p>\n<p align=\"justify\">Estabelece os valores de dispensa de declara\u00e7\u00e3o do exerc\u00edcio de pr\u00e1ticas que impliquem risco resultante das radia\u00e7\u00f5es ionizantes e, bem assim, os valores de dispensa de autoriza\u00e7\u00e3o pr\u00e9via para o exerc\u00edcio das mesmas actividades, transpondo as correspondentes disposi\u00e7\u00f5es da Directiva n.\u00ba 96\/29\/EURATOM (&#8230;)<\/p>\n<\/tr>\n<\/tbody>\n<\/table>\n<p align=\"justify\"><strong>Decreto-Lei n\u00ba 180\/2002, de 08 de Agosto de 2002<\/strong><\/p>\n<p align=\"justify\">Estabelece as regras relativas \u00e0 protec\u00e7\u00e3o da sa\u00fade das pessoas contra os perigos resultantes de radia\u00e7\u00f5es ionizantes em exposi\u00e7\u00f5es radiol\u00f3gicas m\u00e9dicas e transp\u00f5e para o ordenamento jur\u00eddico interno a Directiva n.\u00ba 97\/43\/EURATOM, do Conselho, de 30 de Junho, que aproxima as disposi\u00e7\u00f5es dos Estados-M (&#8230;)<\/p>\n<p align=\"justify\"><strong>Decreto-Lei n\u00ba 174\/2002, de 25 de Julho de 2002<\/strong><\/p>\n<p align=\"justify\">Estabelece as regras aplic\u00e1veis \u00e0 interven\u00e7\u00e3o em caso de emerg\u00eancia radiol\u00f3gica, transpondo para a ordem jur\u00eddica interna as disposi\u00e7\u00f5es do t\u00edtulo IX, \u00abInterven\u00e7\u00e3o\u00bb, da Directiva n.\u00ba 96\/29\/EURATOM, do Conselho, de 13 de Maio, que fixa as normas de base de seguran\u00e7a relativas \u00e0 protec\u00e7\u00e3o sanit\u00e1ria da (&#8230;)<\/p>\n<p align=\"justify\"><strong>Decreto-Lei n\u00ba 167\/2002, de 18 de Julho de 2002<\/strong><\/p>\n<p align=\"justify\">Estabelece o regime jur\u00eddico relativo ao licenciamento e ao funcionamento das entidades que desenvolvem actividades nas \u00e1reas de protec\u00e7\u00e3o radiol\u00f3gica e transp\u00f5e para a ordem jur\u00eddica interna disposi\u00e7\u00f5es relativas \u00e0s mat\u00e9rias de dosimetria e forma\u00e7\u00e3o, da Directiva n.\u00ba 96\/29\/EURATOM, do Conselho, de 1 (&#8230;)<\/p>\n<p align=\"justify\"><strong>Decreto-Lei n\u00ba 165\/2002, de 17 de Julho de 2002<\/strong><\/p>\n<p align=\"justify\">Estabelece as compet\u00eancias dos organismos intervenientes na \u00e1rea da protec\u00e7\u00e3o contra radia\u00e7\u00f5es ionizantes, bem como os princ\u00edpios gerais de protec\u00e7\u00e3o, e transp\u00f5e para a ordem jur\u00eddica interna as disposi\u00e7\u00f5es correspondentes da Directiva n.\u00ba 96\/29\/EURATOM, do Conselho, de 13 de Maio, que fixa as normas (&#8230;)<\/p>\n<p align=\"justify\"><strong>Decreto Regulamentar n\u00ba 29\/97, de 29 de Julho de 1997<\/strong><\/p>\n<p align=\"justify\">Transp\u00f5e para o ordenamento jur\u00eddico interno a Directiva n.\u00ba 90\/641\/EURATOM,do Conselho, de 4 de Dezembro, e estabelece o regime de protec\u00e7\u00e3o dos trabalhadores de empresas externas que interv\u00eam em zonas sujeitas a regulamenta\u00e7\u00e3o com vista \u00e0 protec\u00e7\u00e3o contra radia\u00e7\u00f5es ionizantes.<\/p>\n<p align=\"justify\"><strong>Decreto-Lei n\u00ba 36\/95, de 14 de Fevereiro de 1995<\/strong><\/p>\n<p align=\"justify\">Transp\u00f5e para o direito interno a Directiva n.\u00ba 89\/618\/EURATOM relativa \u00e0 informa\u00e7\u00e3o da popula\u00e7\u00e3o sobre medidas de protec\u00e7\u00e3o sanit\u00e1ria aplic\u00e1veis em caso de emerg\u00eancia radiol\u00f3gica.<\/p>\n<div align=\"justify\"><strong>Decreto n\u00ba 26\/93, de 18 de Agosto de 1993<\/strong><\/div>\n<p>Aprova, para ratifica\u00e7\u00e3o, a Conven\u00e7\u00e3o n.\u00ba 115 da Organiza\u00e7\u00e3o Internacional do Trabalho.<\/p>\n<p><strong>Decreto Regulamentar n\u00ba 34\/92, de 4 de Dezembro de 1992<\/strong><\/p>\n<p>Estabelece normas sobre seguran\u00e7a e protec\u00e7\u00e3o radiol\u00f3gica aplic\u00e1veis na extrac\u00e7\u00e3o e tratamento de min\u00e9rios radioactivos.<\/p>\n<p><strong>Decreto Regulamentar n\u00ba 3\/92, de 6 de Mar\u00e7o de 1992<\/strong><\/p>\n<p>Altera o Decreto Regulamentar n.\u00ba 9\/90 de 19 de Abril, relativo \u00e0 protec\u00e7\u00e3o contra radia\u00e7\u00f5es ionizantes.<\/p>\n<p><strong>Decreto Regulamentar n\u00ba 9\/90, de 19 de Abril de 1990<\/strong><\/p>\n<p>Estabelece a regulamenta\u00e7\u00e3o das normas e directivas de protec\u00e7\u00e3o contra as radia\u00e7\u00f5es ionizantes.<\/p>\n<p><strong>Decreto-Lei n\u00ba 348\/89, de 10 de Dezembro de 1989<\/strong><\/p>\n<p>Estabelece normas e directivas de protec\u00e7\u00e3o contra as radia\u00e7\u00f5es ionizantes.<\/p>\n","protected":false},"excerpt":{"rendered":"<p>Portaria n\u00ba 1106\/2009, de 24 de Setembro de 2009 Aprova o Regulamento do Controlo Metrol\u00f3gico dos Instrumentos de Medi\u00e7\u00e3o de Radia\u00e7\u00f5es Ionizantes. Decreto-Lei n\u00ba 227\/2008, de 25 de Novembro de 2008 Define o regime jur\u00eddico aplic\u00e1vel \u00e0 qualifica\u00e7\u00e3o profissional em protec\u00e7\u00e3o radiol\u00f3gica, transpondo para a ordem jur\u00eddica interna as disposi\u00e7\u00f5es correspondentes em mat\u00e9ria de peritos [&hellip;]<\/p>\n","protected":false},"author":1,"featured_media":0,"parent":0,"menu_order":0,"comment_status":"open","ping_status":"open","template":"","meta":[],"_links":{"self":[{"href":"https:\/\/santosvieiralda.com\/index.php?rest_route=\/wp\/v2\/pages\/4553"}],"collection":[{"href":"https:\/\/santosvieiralda.com\/index.php?rest_route=\/wp\/v2\/pages"}],"about":[{"href":"https:\/\/santosvieiralda.com\/index.php?rest_route=\/wp\/v2\/types\/page"}],"author":[{"embeddable":true,"href":"https:\/\/santosvieiralda.com\/index.php?rest_route=\/wp\/v2\/users\/1"}],"replies":[{"embeddable":true,"href":"https:\/\/santosvieiralda.com\/index.php?rest_route=%2Fwp%2Fv2%2Fcomments&post=4553"}],"version-history":[{"count":3,"href":"https:\/\/santosvieiralda.com\/index.php?rest_route=\/wp\/v2\/pages\/4553\/revisions"}],"predecessor-version":[{"id":5280,"href":"https:\/\/santosvieiralda.com\/index.php?rest_route=\/wp\/v2\/pages\/4553\/revisions\/5280"}],"wp:attachment":[{"href":"https:\/\/santosvieiralda.com\/index.php?rest_route=%2Fwp%2Fv2%2Fmedia&parent=4553"}],"curies":[{"name":"wp","href":"https:\/\/api.w.org\/{rel}","templated":true}]}}

Radiações Ionizantes

<div class="aq-template-wrapper aq_row"><div class="aq_span4 clearfix aq-first"><img loading="lazy" class="aligncenter size-medium wp-image-5237" alt="legi1" src="http://santosvieiralda.com/wp-content/uploads/2013/09/legi11-300x154.jpg" width="300" height="154" srcset="https://santosvieiralda.com/wp-content/uploads/2013/09/legi11-300x154.jpg 300w, https://santosvieiralda.com/wp-content/uploads/2013/09/legi11.jpg 700w" sizes="(max-width: 300px) 100vw, 300px" /></div><div class="aq_span4 clearfix "><img loading="lazy" class="aligncenter size-medium wp-image-5238" alt="legi2" src="http://santosvieiralda.com/wp-content/uploads/2013/09/legi21-300x154.jpg" width="300" height="154" srcset="https://santosvieiralda.com/wp-content/uploads/2013/09/legi21-300x154.jpg 300w, https://santosvieiralda.com/wp-content/uploads/2013/09/legi21.jpg 700w" sizes="(max-width: 300px) 100vw, 300px" /></div><div class="aq_span4 clearfix "><img loading="lazy" class="aligncenter size-medium wp-image-5239" alt="legi3" src="http://santosvieiralda.com/wp-content/uploads/2013/09/legi31-300x154.jpg" width="300" height="154" srcset="https://santosvieiralda.com/wp-content/uploads/2013/09/legi31-300x154.jpg 300w, https://santosvieiralda.com/wp-content/uploads/2013/09/legi31.jpg 700w" sizes="(max-width: 300px) 100vw, 300px" /></div></div>
<p align="justify"><strong>Portaria nº 1106/2009, de 24 de Setembro de 2009</strong></p>
<p align="justify">Aprova o Regulamento do Controlo Metrológico dos Instrumentos de Medição de Radiações Ionizantes.</p>
<p align="justify"><strong>Decreto-Lei nº 227/2008, de 25 de Novembro de 2008</strong></p>
<div align="justify">Define o regime jurídico aplicável à qualificação profissional em protecção radiológica, transpondo para a ordem jurídica interna as disposições correspondentes em matéria de peritos qualificados da Directiva n.º 96/29/EURATOM, do Conselho, de 13 de Maio, que fixa as normas de segurança de base relat (&#8230;)</div>
<table width="100%" border="0" cellspacing="0" cellpadding="0">
<tbody>
<tr>
<p align="justify"><strong>Portaria nº 1106/2009, de 24 de Setembro de 2009</strong></p>
<p align="justify">Aprova o Regulamento do Controlo Metrológico dos Instrumentos de Medição de Radiações Ionizantes.</p>
<p align="justify"><strong>Decreto-Lei nº 227/2008, de 25 de Novembro de 2008</strong></p>
<p align="justify">Define o regime jurídico aplicável à qualificação profissional em protecção radiológica, transpondo para a ordem jurídica interna as disposições correspondentes em matéria de peritos qualificados da Directiva n.º 96/29/EURATOM, do Conselho, de 13 de Maio, que fixa as normas de segurança de base relat (&#8230;)</p>
<p align="justify"><strong>Decreto-lei nº 222/2008, de 17 de Novembro de 2008</strong></p>
<p align="justify">Transpõe parcialmente para a ordem jurídica interna a Directiva n.º 96/29/EURATOM, do Conselho, de 13 de Maio, que fixa as normas de segurança de base relativas à protecção sanitária da população e dos trabalhadores contra os perigos resultantes das radiações ionizantes.</p>
<p align="justify"><strong>Decreto-Lei nº 38/2007, de 19 de Fevereiro de 2007</strong></p>
<p align="justify">Transpõe para a ordem jurídica interna a Directiva n.º 2003/122/EURATOM, do Conselho, de 22 de Dezembro, relativa ao controlo de fontes radioactivas seladas, incluindo as fontes de actividade elevada e de fontes órfãs, e estabelece o regime de protecção das pessoas e do ambiente contra os riscos asso (&#8230;)</p>
<p align="justify"><strong>Decreto-Lei nº 140/2005, de 17 de Agosto de 2005</strong></p>
<p align="justify">Estabelece os valores de dispensa de declaração do exercício de práticas que impliquem risco resultante das radiações ionizantes e, bem assim, os valores de dispensa de autorização prévia para o exercício das mesmas actividades, transpondo as correspondentes disposições da Directiva n.º 96/29/EURATOM (&#8230;)</p>
</tr>
</tbody>
</table>
<p align="justify"><strong>Decreto-Lei nº 180/2002, de 08 de Agosto de 2002</strong></p>
<p align="justify">Estabelece as regras relativas à protecção da saúde das pessoas contra os perigos resultantes de radiações ionizantes em exposições radiológicas médicas e transpõe para o ordenamento jurídico interno a Directiva n.º 97/43/EURATOM, do Conselho, de 30 de Junho, que aproxima as disposições dos Estados-M (&#8230;)</p>
<p align="justify"><strong>Decreto-Lei nº 174/2002, de 25 de Julho de 2002</strong></p>
<p align="justify">Estabelece as regras aplicáveis à intervenção em caso de emergência radiológica, transpondo para a ordem jurídica interna as disposições do título IX, «Intervenção», da Directiva n.º 96/29/EURATOM, do Conselho, de 13 de Maio, que fixa as normas de base de segurança relativas à protecção sanitária da (&#8230;)</p>
<p align="justify"><strong>Decreto-Lei nº 167/2002, de 18 de Julho de 2002</strong></p>
<p align="justify">Estabelece o regime jurídico relativo ao licenciamento e ao funcionamento das entidades que desenvolvem actividades nas áreas de protecção radiológica e transpõe para a ordem jurídica interna disposições relativas às matérias de dosimetria e formação, da Directiva n.º 96/29/EURATOM, do Conselho, de 1 (&#8230;)</p>
<p align="justify"><strong>Decreto-Lei nº 165/2002, de 17 de Julho de 2002</strong></p>
<p align="justify">Estabelece as competências dos organismos intervenientes na área da protecção contra radiações ionizantes, bem como os princípios gerais de protecção, e transpõe para a ordem jurídica interna as disposições correspondentes da Directiva n.º 96/29/EURATOM, do Conselho, de 13 de Maio, que fixa as normas (&#8230;)</p>
<p align="justify"><strong>Decreto Regulamentar nº 29/97, de 29 de Julho de 1997</strong></p>
<p align="justify">Transpõe para o ordenamento jurídico interno a Directiva n.º 90/641/EURATOM,do Conselho, de 4 de Dezembro, e estabelece o regime de protecção dos trabalhadores de empresas externas que intervêm em zonas sujeitas a regulamentação com vista à protecção contra radiações ionizantes.</p>
<p align="justify"><strong>Decreto-Lei nº 36/95, de 14 de Fevereiro de 1995</strong></p>
<p align="justify">Transpõe para o direito interno a Directiva n.º 89/618/EURATOM relativa à informação da população sobre medidas de protecção sanitária aplicáveis em caso de emergência radiológica.</p>
<div align="justify"><strong>Decreto nº 26/93, de 18 de Agosto de 1993</strong></div>
<p>Aprova, para ratificação, a Convenção n.º 115 da Organização Internacional do Trabalho.</p>
<p><strong>Decreto Regulamentar nº 34/92, de 4 de Dezembro de 1992</strong></p>
<p>Estabelece normas sobre segurança e protecção radiológica aplicáveis na extracção e tratamento de minérios radioactivos.</p>
<p><strong>Decreto Regulamentar nº 3/92, de 6 de Março de 1992</strong></p>
<p>Altera o Decreto Regulamentar n.º 9/90 de 19 de Abril, relativo à protecção contra radiações ionizantes.</p>
<p><strong>Decreto Regulamentar nº 9/90, de 19 de Abril de 1990</strong></p>
<p>Estabelece a regulamentação das normas e directivas de protecção contra as radiações ionizantes.</p>
<p><strong>Decreto-Lei nº 348/89, de 10 de Dezembro de 1989</strong></p>
<p>Estabelece normas e directivas de protecção contra as radiações ionizantes.</p>

<p>Portaria nº 1106/2009, de 24 de Setembro de 2009 Aprova o Regulamento do Controlo Metrológico dos Instrumentos de Medição de Radiações Ionizantes. Decreto-Lei nº 227/2008, de 25 de Novembro de 2008 Define o regime jurídico aplicável à qualificação profissional em protecção radiológica, transpondo para a ordem jurídica interna as disposições correspondentes em matéria de peritos [&hellip;]</p>
