{"id":4561,"date":"2013-09-05T13:40:30","date_gmt":"2013-09-05T13:40:30","guid":{"rendered":"https:\/\/santosvieiralda.com\/?page_id=4561"},"modified":"2014-02-06T10:31:47","modified_gmt":"2014-02-06T10:31:47","slug":"laboral","status":"publish","type":"page","link":"https:\/\/santosvieiralda.com\/?page_id=4561","title":{"rendered":"Laboral"},"content":{"rendered":"<div class=\"aq-template-wrapper aq_row\"><div class=\"aq_span4 clearfix aq-first\"><img loading=\"lazy\" class=\"aligncenter size-medium wp-image-5237\" alt=\"legi1\" src=\"http:\/\/santosvieiralda.com\/wp-content\/uploads\/2013\/09\/legi11-300x154.jpg\" width=\"300\" height=\"154\" srcset=\"https:\/\/santosvieiralda.com\/wp-content\/uploads\/2013\/09\/legi11-300x154.jpg 300w, https:\/\/santosvieiralda.com\/wp-content\/uploads\/2013\/09\/legi11.jpg 700w\" sizes=\"(max-width: 300px) 100vw, 300px\" \/><\/div><div class=\"aq_span4 clearfix \"><img loading=\"lazy\" class=\"aligncenter size-medium wp-image-5238\" alt=\"legi2\" src=\"http:\/\/santosvieiralda.com\/wp-content\/uploads\/2013\/09\/legi21-300x154.jpg\" width=\"300\" height=\"154\" srcset=\"https:\/\/santosvieiralda.com\/wp-content\/uploads\/2013\/09\/legi21-300x154.jpg 300w, https:\/\/santosvieiralda.com\/wp-content\/uploads\/2013\/09\/legi21.jpg 700w\" sizes=\"(max-width: 300px) 100vw, 300px\" \/><\/div><div class=\"aq_span4 clearfix \"><img loading=\"lazy\" class=\"aligncenter size-medium wp-image-5239\" alt=\"legi3\" src=\"http:\/\/santosvieiralda.com\/wp-content\/uploads\/2013\/09\/legi31-300x154.jpg\" width=\"300\" height=\"154\" srcset=\"https:\/\/santosvieiralda.com\/wp-content\/uploads\/2013\/09\/legi31-300x154.jpg 300w, https:\/\/santosvieiralda.com\/wp-content\/uploads\/2013\/09\/legi31.jpg 700w\" sizes=\"(max-width: 300px) 100vw, 300px\" \/><\/div><\/div>\n<p><strong>Lei n\u00ba 3\/2014, de 28 de Janeiro de 2014<\/strong><\/p>\n<p align=\"justify\"><strong>\u00a0<\/strong>A presente lei procede \u00e0 segunda altera\u00e7\u00e3o \u00e0 Lei n.\u00ba 102\/2009, de 10de Setembro, que aprova o regime jur\u00eddico da promo\u00e7\u00e3o da seguran\u00e7a e sa\u00fade no trabalho, e \u00e0 segunda altera\u00e7\u00e3o ao Decreto-Lei n.\u00ba 116\/97, de 12 de Maio, que transp\u00f5e para a ordem jur\u00eddica interna a Diretiva n.\u00ba 93\/103\/CE, do Conselho, de 23 de novembro, relativa \u00e0s prescri\u00e7\u00f5es m\u00ednimas de seguran\u00e7a e de sa\u00fade no trabalho a bordo dos navios e pesca.<\/p>\n<p align=\"justify\"><strong>Portaria n\u00ba 2\/2011, de 3 de Janeiro de 2011<\/strong><\/p>\n<p align=\"justify\">Determina a extens\u00e3o das altera\u00e7\u00f5es do contrato colectivo entre a AES &#8211; Associa\u00e7\u00e3o de Empresas de Seguran\u00e7a e outra e a FETESE &#8211; Federa\u00e7\u00e3o dos Sindicatos dos Trabalhadores de Servi\u00e7os e outros.<\/p>\n<p align=\"justify\"><strong>Boletim do Trabalho e do Emprego n\u00ba 27\/2010, de 22 de Julho de 2010<\/strong><\/p>\n<p align=\"justify\">Contrato colectivo entre a AES \u2014 Associa\u00e7\u00e3o de Empresas de Seguran\u00e7a e outra e a FETESE \u2014 Federa\u00e7\u00e3o dos Sindicatos dos Trabalhadores de Servi\u00e7os e outros \u2014 Altera\u00e7\u00e3o salarial e outras.<\/p>\n<p align=\"justify\"><strong>Decreto-Lei n\u00ba 260\/2009, de 25 de Setembro de 2009<\/strong><\/p>\n<p align=\"justify\">Trabalho tempor\u00e1rio.<\/p>\n<p align=\"justify\"><strong>Lei n\u00ba 107\/2009, de 14 de Setembro de 2009<\/strong><\/p>\n<p align=\"justify\">Regime processual das contra-ordena\u00e7\u00f5es laborais e de seguran\u00e7a social.<\/p>\n<p align=\"justify\"><strong>Lei n\u00ba 105\/2009, de 14 de Setembro de 2009<\/strong><\/p>\n<p align=\"justify\">Regulamenta alguns aspectos do C\u00f3digo do Trabalho.<\/p>\n<p align=\"justify\"><strong>Lei n\u00ba 101\/2009, de 8 de Setembro de 2009<\/strong><\/p>\n<p align=\"justify\">Estabelece o regime jur\u00eddico do trabalho no domic\u00edlio.<\/p>\n<p align=\"justify\"><strong>Portaria n\u00ba 921\/2009, de 18 de Agosto de 2009<\/strong><\/p>\n<p align=\"justify\">Aprova o regulamento de extens\u00e3o entre a AES \u2014 Associa\u00e7\u00e3o das Empresas de Seguran\u00e7a e outra e a FETESE \u2014 Federa\u00e7\u00e3o dos Sindicatos dos Trabalhadores de Servi\u00e7os e outros e entre as mesmas associa\u00e7\u00f5es de empregadores e o STAD \u2014 Sindicato dos Trabalhadores de Servi\u00e7os de Portaria, Vigil\u00e2ncia, Limpeza, D (&#8230;)<\/p>\n<p align=\"justify\"><strong>Declara\u00e7\u00e3o de Rectifica\u00e7\u00e3o n\u00ba 21\/2009, de 18 de Mar\u00e7o de 2009<\/strong><\/p>\n<p align=\"justify\">Rectifica a Lei n.\u00ba 7\/2009, de 12 de Fevereiro, que aprova a revis\u00e3o do C\u00f3digo do Trabalho.<\/p>\n<p align=\"justify\"><strong>Lei n\u00ba 7\/2009, de 12 de Fevereiro de 2009<\/strong><\/p>\n<p align=\"justify\">Aprova a revis\u00e3o do C\u00f3digo do Trabalho.<\/p>\n<p align=\"justify\"><strong>Portaria n\u00ba 1553-D\/2008, de 31 de Dezembro de 2008<\/strong><\/p>\n<p align=\"justify\">Procede \u00e0 revis\u00e3o anual das tabelas de ajudas de custo, subs\u00eddios de refei\u00e7\u00e3o e de viagem, bem como dos suplementos remunerat\u00f3rios, para os trabalhadores em fun\u00e7\u00f5es p\u00fablicas e actualiza as pens\u00f5es de aposenta\u00e7\u00e3o e sobreviv\u00eancia, reforma e invalidez.<\/p>\n<p align=\"justify\"><strong>Portaria n\u00ba 637\/2008, de 23 de Julho de 2008<\/strong><\/p>\n<p align=\"justify\">Aprova o regulamento de extens\u00e3o das altera\u00e7\u00f5es dos CCT entre a AES &#8211; Associa\u00e7\u00e3o das Empresas de Seguran\u00e7a e outra e o STAD &#8211; Sindicato dos Trabalhadores de Servi\u00e7os de Portaria, Vigil\u00e2ncia, Limpeza, Dom\u00e9stica e Actividades Diversas e outros e entre as mesmas associa\u00e7\u00f5es de empregadores e a FETESE &#8211; (&#8230;)<\/p>\n<p align=\"justify\"><strong>Decreto-Lei n\u00ba 237\/2007, de 19 de Junho de 2007<\/strong><\/p>\n<p align=\"justify\">Regula determinados aspectos da organiza\u00e7\u00e3o do tempo de trabalho dos trabalhadores m\u00f3veis em actividades de transporte rodovi\u00e1rio efectuadas em territ\u00f3rio nacional e abrangidas pelo Regulamento (CE) n.\u00ba 561\/2006.<\/p>\n<p align=\"justify\"><strong>Portaria n\u00ba 983\/2007, de 27 de Agosto de 2007<\/strong><\/p>\n<div align=\"justify\">Regulamenta as condi\u00e7\u00f5es de publicidade dos hor\u00e1rios de trabalho do pessoal afecto \u00e0 explora\u00e7\u00e3o de ve\u00edculos autom\u00f3veis propriedade de empresas de transportes ou privativos de outras entidades sujeitas \u00e0s disposi\u00e7\u00f5es do C\u00f3digo do Trabalho.<\/div>\n","protected":false},"excerpt":{"rendered":"<p>Lei n\u00ba 3\/2014, de 28 de Janeiro de 2014 \u00a0A presente lei procede \u00e0 segunda altera\u00e7\u00e3o \u00e0 Lei n.\u00ba 102\/2009, de 10de Setembro, que aprova o regime jur\u00eddico da promo\u00e7\u00e3o da seguran\u00e7a e sa\u00fade no trabalho, e \u00e0 segunda altera\u00e7\u00e3o ao Decreto-Lei n.\u00ba 116\/97, de 12 de Maio, que transp\u00f5e para a ordem jur\u00eddica interna [&hellip;]<\/p>\n","protected":false},"author":1,"featured_media":0,"parent":0,"menu_order":0,"comment_status":"open","ping_status":"open","template":"","meta":[],"_links":{"self":[{"href":"https:\/\/santosvieiralda.com\/index.php?rest_route=\/wp\/v2\/pages\/4561"}],"collection":[{"href":"https:\/\/santosvieiralda.com\/index.php?rest_route=\/wp\/v2\/pages"}],"about":[{"href":"https:\/\/santosvieiralda.com\/index.php?rest_route=\/wp\/v2\/types\/page"}],"author":[{"embeddable":true,"href":"https:\/\/santosvieiralda.com\/index.php?rest_route=\/wp\/v2\/users\/1"}],"replies":[{"embeddable":true,"href":"https:\/\/santosvieiralda.com\/index.php?rest_route=%2Fwp%2Fv2%2Fcomments&post=4561"}],"version-history":[{"count":3,"href":"https:\/\/santosvieiralda.com\/index.php?rest_route=\/wp\/v2\/pages\/4561\/revisions"}],"predecessor-version":[{"id":5634,"href":"https:\/\/santosvieiralda.com\/index.php?rest_route=\/wp\/v2\/pages\/4561\/revisions\/5634"}],"wp:attachment":[{"href":"https:\/\/santosvieiralda.com\/index.php?rest_route=%2Fwp%2Fv2%2Fmedia&parent=4561"}],"curies":[{"name":"wp","href":"https:\/\/api.w.org\/{rel}","templated":true}]}}