{"id":4595,"date":"2013-09-05T14:18:32","date_gmt":"2013-09-05T14:18:32","guid":{"rendered":"https:\/\/santosvieiralda.com\/?page_id=4595"},"modified":"2015-12-08T23:34:39","modified_gmt":"2015-12-08T23:34:39","slug":"abastecimento-de-agua","status":"publish","type":"page","link":"https:\/\/santosvieiralda.com\/?page_id=4595","title":{"rendered":"Abastecimento de \u00c1gua"},"content":{"rendered":"<div class=\"aq-template-wrapper aq_row\"><div class=\"aq_span4 clearfix aq-first\"><img loading=\"lazy\" class=\"aligncenter size-medium wp-image-5237\" alt=\"legi1\" src=\"http:\/\/santosvieiralda.com\/wp-content\/uploads\/2013\/09\/legi11-300x154.jpg\" width=\"300\" height=\"154\" srcset=\"https:\/\/santosvieiralda.com\/wp-content\/uploads\/2013\/09\/legi11-300x154.jpg 300w, https:\/\/santosvieiralda.com\/wp-content\/uploads\/2013\/09\/legi11.jpg 700w\" sizes=\"(max-width: 300px) 100vw, 300px\" \/><\/div><div class=\"aq_span4 clearfix \"><img loading=\"lazy\" class=\"aligncenter size-medium wp-image-5238\" alt=\"legi2\" src=\"http:\/\/santosvieiralda.com\/wp-content\/uploads\/2013\/09\/legi21-300x154.jpg\" width=\"300\" height=\"154\" srcset=\"https:\/\/santosvieiralda.com\/wp-content\/uploads\/2013\/09\/legi21-300x154.jpg 300w, https:\/\/santosvieiralda.com\/wp-content\/uploads\/2013\/09\/legi21.jpg 700w\" sizes=\"(max-width: 300px) 100vw, 300px\" \/><\/div><div class=\"aq_span4 clearfix \"><img loading=\"lazy\" class=\"aligncenter size-medium wp-image-5239\" alt=\"legi3\" src=\"http:\/\/santosvieiralda.com\/wp-content\/uploads\/2013\/09\/legi31-300x154.jpg\" width=\"300\" height=\"154\" srcset=\"https:\/\/santosvieiralda.com\/wp-content\/uploads\/2013\/09\/legi31-300x154.jpg 300w, https:\/\/santosvieiralda.com\/wp-content\/uploads\/2013\/09\/legi31.jpg 700w\" sizes=\"(max-width: 300px) 100vw, 300px\" \/><\/div><\/div>\n<p align=\"justify\"><strong>Declara\u00e7\u00e3o de Retifica\u00e7\u00e3o n\u00ba 153\/95, de 30 de Novembro de 1995<\/strong><\/p>\n<p align=\"justify\">De ter sido rectificado o Decreto Regulamentar n.\u00ba 23\/95 do Minist\u00e9rio das Obras P\u00fablicas, Transportes e Comunica\u00e7\u00f5es, que aprova o Regulamento Geral dos Sistemas P\u00fablicos e Prediais de Distribui\u00e7\u00e3o de \u00c1gua e de Drenagem de \u00c1guas Residuais, publicado no Di\u00e1rio da Rep\u00fablica, n.\u00ba 194, de 23 de Agosto d (&#8230;)<\/p>\n<p align=\"justify\"><strong>Decreto Regulamentar n\u00ba 23\/95, de 23 de Agosto de 1995<\/strong><\/p>\n<div align=\"justify\">Aprova o Regulamento Geral dos Sistemas P\u00fablicos e Prediais de Distribui\u00e7\u00e3o de \u00c1gua e de Drenagem de \u00c1guas Residuais.<\/div>\n","protected":false},"excerpt":{"rendered":"<p>Declara\u00e7\u00e3o de Retifica\u00e7\u00e3o n\u00ba 153\/95, de 30 de Novembro de 1995 De ter sido rectificado o Decreto Regulamentar n.\u00ba 23\/95 do Minist\u00e9rio das Obras P\u00fablicas, Transportes e Comunica\u00e7\u00f5es, que aprova o Regulamento Geral dos Sistemas P\u00fablicos e Prediais de Distribui\u00e7\u00e3o de \u00c1gua e de Drenagem de \u00c1guas Residuais, publicado no Di\u00e1rio da Rep\u00fablica, n.\u00ba 194, [&hellip;]<\/p>\n","protected":false},"author":1,"featured_media":0,"parent":0,"menu_order":0,"comment_status":"open","ping_status":"open","template":"","meta":[],"_links":{"self":[{"href":"https:\/\/santosvieiralda.com\/index.php?rest_route=\/wp\/v2\/pages\/4595"}],"collection":[{"href":"https:\/\/santosvieiralda.com\/index.php?rest_route=\/wp\/v2\/pages"}],"about":[{"href":"https:\/\/santosvieiralda.com\/index.php?rest_route=\/wp\/v2\/types\/page"}],"author":[{"embeddable":true,"href":"https:\/\/santosvieiralda.com\/index.php?rest_route=\/wp\/v2\/users\/1"}],"replies":[{"embeddable":true,"href":"https:\/\/santosvieiralda.com\/index.php?rest_route=%2Fwp%2Fv2%2Fcomments&post=4595"}],"version-history":[{"count":6,"href":"https:\/\/santosvieiralda.com\/index.php?rest_route=\/wp\/v2\/pages\/4595\/revisions"}],"predecessor-version":[{"id":5723,"href":"https:\/\/santosvieiralda.com\/index.php?rest_route=\/wp\/v2\/pages\/4595\/revisions\/5723"}],"wp:attachment":[{"href":"https:\/\/santosvieiralda.com\/index.php?rest_route=%2Fwp%2Fv2%2Fmedia&parent=4595"}],"curies":[{"name":"wp","href":"https:\/\/api.w.org\/{rel}","templated":true}]}}

Abastecimento de Água

<div class="aq-template-wrapper aq_row"><div class="aq_span4 clearfix aq-first"><img loading="lazy" class="aligncenter size-medium wp-image-5237" alt="legi1" src="http://santosvieiralda.com/wp-content/uploads/2013/09/legi11-300x154.jpg" width="300" height="154" srcset="https://santosvieiralda.com/wp-content/uploads/2013/09/legi11-300x154.jpg 300w, https://santosvieiralda.com/wp-content/uploads/2013/09/legi11.jpg 700w" sizes="(max-width: 300px) 100vw, 300px" /></div><div class="aq_span4 clearfix "><img loading="lazy" class="aligncenter size-medium wp-image-5238" alt="legi2" src="http://santosvieiralda.com/wp-content/uploads/2013/09/legi21-300x154.jpg" width="300" height="154" srcset="https://santosvieiralda.com/wp-content/uploads/2013/09/legi21-300x154.jpg 300w, https://santosvieiralda.com/wp-content/uploads/2013/09/legi21.jpg 700w" sizes="(max-width: 300px) 100vw, 300px" /></div><div class="aq_span4 clearfix "><img loading="lazy" class="aligncenter size-medium wp-image-5239" alt="legi3" src="http://santosvieiralda.com/wp-content/uploads/2013/09/legi31-300x154.jpg" width="300" height="154" srcset="https://santosvieiralda.com/wp-content/uploads/2013/09/legi31-300x154.jpg 300w, https://santosvieiralda.com/wp-content/uploads/2013/09/legi31.jpg 700w" sizes="(max-width: 300px) 100vw, 300px" /></div></div>
<p align="justify"><strong>Declaração de Retificação nº 153/95, de 30 de Novembro de 1995</strong></p>
<p align="justify">De ter sido rectificado o Decreto Regulamentar n.º 23/95 do Ministério das Obras Públicas, Transportes e Comunicações, que aprova o Regulamento Geral dos Sistemas Públicos e Prediais de Distribuição de Água e de Drenagem de Águas Residuais, publicado no Diário da República, n.º 194, de 23 de Agosto d (&#8230;)</p>
<p align="justify"><strong>Decreto Regulamentar nº 23/95, de 23 de Agosto de 1995</strong></p>
<div align="justify">Aprova o Regulamento Geral dos Sistemas Públicos e Prediais de Distribuição de Água e de Drenagem de Águas Residuais.</div>

<p>Declaração de Retificação nº 153/95, de 30 de Novembro de 1995 De ter sido rectificado o Decreto Regulamentar n.º 23/95 do Ministério das Obras Públicas, Transportes e Comunicações, que aprova o Regulamento Geral dos Sistemas Públicos e Prediais de Distribuição de Água e de Drenagem de Águas Residuais, publicado no Diário da República, n.º 194, [&hellip;]</p>
