{"id":4627,"date":"2013-09-05T14:43:35","date_gmt":"2013-09-05T14:43:35","guid":{"rendered":"https:\/\/santosvieiralda.com\/?page_id=4627"},"modified":"2014-01-01T11:50:17","modified_gmt":"2014-01-01T11:50:17","slug":"pilhas-e-acumuladores","status":"publish","type":"page","link":"https:\/\/santosvieiralda.com\/?page_id=4627","title":{"rendered":"Pilhas e Acumuladores"},"content":{"rendered":"<div class=\"aq-template-wrapper aq_row\"><div class=\"aq_span4 clearfix aq-first\"><img loading=\"lazy\" class=\"aligncenter size-medium wp-image-5237\" alt=\"legi1\" src=\"http:\/\/santosvieiralda.com\/wp-content\/uploads\/2013\/09\/legi11-300x154.jpg\" width=\"300\" height=\"154\" srcset=\"https:\/\/santosvieiralda.com\/wp-content\/uploads\/2013\/09\/legi11-300x154.jpg 300w, https:\/\/santosvieiralda.com\/wp-content\/uploads\/2013\/09\/legi11.jpg 700w\" sizes=\"(max-width: 300px) 100vw, 300px\" \/><\/div><div class=\"aq_span4 clearfix \"><img loading=\"lazy\" class=\"aligncenter size-medium wp-image-5238\" alt=\"legi2\" src=\"http:\/\/santosvieiralda.com\/wp-content\/uploads\/2013\/09\/legi21-300x154.jpg\" width=\"300\" height=\"154\" srcset=\"https:\/\/santosvieiralda.com\/wp-content\/uploads\/2013\/09\/legi21-300x154.jpg 300w, https:\/\/santosvieiralda.com\/wp-content\/uploads\/2013\/09\/legi21.jpg 700w\" sizes=\"(max-width: 300px) 100vw, 300px\" \/><\/div><div class=\"aq_span4 clearfix \"><img loading=\"lazy\" class=\"aligncenter size-medium wp-image-5239\" alt=\"legi3\" src=\"http:\/\/santosvieiralda.com\/wp-content\/uploads\/2013\/09\/legi31-300x154.jpg\" width=\"300\" height=\"154\" srcset=\"https:\/\/santosvieiralda.com\/wp-content\/uploads\/2013\/09\/legi31-300x154.jpg 300w, https:\/\/santosvieiralda.com\/wp-content\/uploads\/2013\/09\/legi31.jpg 700w\" sizes=\"(max-width: 300px) 100vw, 300px\" \/><\/div><\/div>\n<p align=\"justify\"><strong>Despacho n\u00ba 5186\/2010, de 23 de Mar\u00e7o de 2010<\/strong><\/p>\n<p align=\"justify\">Concess\u00e3o \u00e0 GVB &#8211; Gest\u00e3o e Valoriza\u00e7\u00e3o de Baterias, Lda., de licen\u00e7a para a gest\u00e3o de um sistema integrado de res\u00edduos de baterias e acumuladores industriais e para ve\u00edculos autom\u00f3veis.<\/p>\n<p align=\"justify\"><strong>Despacho n\u00ba 3862\/2010, de 3 de Mar\u00e7o de 2010<\/strong><\/p>\n<p align=\"justify\">Concess\u00e3o \u00e0 ERP Portugal &#8211; Associa\u00e7\u00e3o Gestora de Res\u00edduos de licen\u00e7a para a gest\u00e3o de um sistema integrado de res\u00edduos de pilhas e acumuladores.<\/p>\n<p align=\"justify\"><strong>Despacho n\u00ba 3863\/2010, de 3 de Mar\u00e7o de 2010<\/strong><\/p>\n<p align=\"justify\">Concess\u00e3o \u00e0 ECOPILHAS &#8211; Sociedade Gestora de Res\u00edduos de Pilhas e Acumuladores, Lda., de licen\u00e7a para a gest\u00e3o de um sistema integrado de res\u00edduos de pilhas e acumuladores.<\/p>\n<p align=\"justify\"><strong>Despacho n\u00ba 1262\/2010, de 19 de Janeiro de 2010<\/strong><\/p>\n<p align=\"justify\">Concess\u00e3o \u00e0 Amb3E &#8211; Associa\u00e7\u00e3o Portuguesa de Gest\u00e3o de Res\u00edduos de licen\u00e7a para a gest\u00e3o de um sistema integrado de res\u00edduos de pilhas e acumuladores.<\/p>\n<p align=\"justify\"><strong>Decreto-Lei n\u00ba 266\/2009, de 29 de Setembro de 2009<\/strong><\/p>\n<p align=\"justify\">Primeira altera\u00e7\u00e3o ao Decreto-Lei n.\u00ba 6\/2009, de 6 de Janeiro, transpondo para a ordem jur\u00eddica interna a Directiva n.\u00ba 2008\/103\/CE, do Parlamento Europeu e do Conselho, de 19 de Novembro de 2008, relativa a pilhas e acumuladores e respectivos res\u00edduos no que respeita \u00e0 coloca\u00e7\u00e3o de pilhas e acumulad (&#8230;)<\/p>\n<p align=\"justify\"><strong>Decis\u00e3o da Comiss\u00e3o n\u00ba 2009\/603\/CE, de 8 de Agosto de 2009<\/strong><\/p>\n<p align=\"justify\">Estabelece requisitos para o registo dos produtores de pilhas e acumuladores, em conformidade com a Directiva 2006\/66\/CE do Parlamento Europeu e do Conselho. (Rectifica\u00e7\u00e3o)<\/p>\n<p align=\"justify\"><strong>Decreto-Lei n\u00ba 6\/2009, de 6 de Janeiro de 2009<\/strong><\/p>\n<p align=\"justify\">Estabelece o regime de coloca\u00e7\u00e3o no mercado de pilhas e acumuladores e o regime de recolha, tratamento, reciclagem e elimina\u00e7\u00e3o dos res\u00edduos de pilhas e acumuladores, transpondo para a ordem jur\u00eddica interna a Directiva n\u00ba 2006\/66\/CE, do Parlamento Europeu e do Conselho, de 6 de Setembro, relativa a (&#8230;)<\/p>\n<p align=\"justify\"><strong>Declara\u00e7\u00e3o de Rectifica\u00e7\u00e3o n.\u00ba 18-A\/2009 de 6 de Mar\u00e7o <\/strong><br \/>\nRetifica\u00e7\u00e3o do Decreto-lei n.\u00ba6\/2009, de 6 de Janeiro de 2009<\/p>\n<p align=\"justify\"><strong>Despacho n\u00ba 30132\/2007, de 28 de Dezembro de 2007<\/strong><\/p>\n<p align=\"justify\">Prorroga\u00e7\u00e3o da licen\u00e7a concedida \u00e0 ECOPILHAS.<\/p>\n<p align=\"justify\"><strong>Portaria n\u00ba 572\/2001, de 6 de Junho de 2001<\/strong><\/p>\n<div align=\"justify\">Aprova os programas de ac\u00e7\u00e3o relativos a acumuladores de ve\u00edculos, industriais e similares, e a pilhas e outros acumuladores.<\/div>\n","protected":false},"excerpt":{"rendered":"<p>Despacho n\u00ba 5186\/2010, de 23 de Mar\u00e7o de 2010 Concess\u00e3o \u00e0 GVB &#8211; Gest\u00e3o e Valoriza\u00e7\u00e3o de Baterias, Lda., de licen\u00e7a para a gest\u00e3o de um sistema integrado de res\u00edduos de baterias e acumuladores industriais e para ve\u00edculos autom\u00f3veis. Despacho n\u00ba 3862\/2010, de 3 de Mar\u00e7o de 2010 Concess\u00e3o \u00e0 ERP Portugal &#8211; Associa\u00e7\u00e3o Gestora [&hellip;]<\/p>\n","protected":false},"author":1,"featured_media":0,"parent":0,"menu_order":0,"comment_status":"open","ping_status":"open","template":"","meta":[],"_links":{"self":[{"href":"https:\/\/santosvieiralda.com\/index.php?rest_route=\/wp\/v2\/pages\/4627"}],"collection":[{"href":"https:\/\/santosvieiralda.com\/index.php?rest_route=\/wp\/v2\/pages"}],"about":[{"href":"https:\/\/santosvieiralda.com\/index.php?rest_route=\/wp\/v2\/types\/page"}],"author":[{"embeddable":true,"href":"https:\/\/santosvieiralda.com\/index.php?rest_route=\/wp\/v2\/users\/1"}],"replies":[{"embeddable":true,"href":"https:\/\/santosvieiralda.com\/index.php?rest_route=%2Fwp%2Fv2%2Fcomments&post=4627"}],"version-history":[{"count":2,"href":"https:\/\/santosvieiralda.com\/index.php?rest_route=\/wp\/v2\/pages\/4627\/revisions"}],"predecessor-version":[{"id":5305,"href":"https:\/\/santosvieiralda.com\/index.php?rest_route=\/wp\/v2\/pages\/4627\/revisions\/5305"}],"wp:attachment":[{"href":"https:\/\/santosvieiralda.com\/index.php?rest_route=%2Fwp%2Fv2%2Fmedia&parent=4627"}],"curies":[{"name":"wp","href":"https:\/\/api.w.org\/{rel}","templated":true}]}}