{"id":4629,"date":"2013-09-05T14:44:36","date_gmt":"2013-09-05T14:44:36","guid":{"rendered":"https:\/\/santosvieiralda.com\/?page_id=4629"},"modified":"2014-01-01T11:50:50","modified_gmt":"2014-01-01T11:50:50","slug":"residuos-de-embalagens","status":"publish","type":"page","link":"https:\/\/santosvieiralda.com\/?page_id=4629","title":{"rendered":"Res\u00edduos de Embalagens"},"content":{"rendered":"<div class=\"aq-template-wrapper aq_row\"><div class=\"aq_span4 clearfix aq-first\"><img loading=\"lazy\" class=\"aligncenter size-medium wp-image-5237\" alt=\"legi1\" src=\"http:\/\/santosvieiralda.com\/wp-content\/uploads\/2013\/09\/legi11-300x154.jpg\" width=\"300\" height=\"154\" srcset=\"https:\/\/santosvieiralda.com\/wp-content\/uploads\/2013\/09\/legi11-300x154.jpg 300w, https:\/\/santosvieiralda.com\/wp-content\/uploads\/2013\/09\/legi11.jpg 700w\" sizes=\"(max-width: 300px) 100vw, 300px\" \/><\/div><div class=\"aq_span4 clearfix \"><img loading=\"lazy\" class=\"aligncenter size-medium wp-image-5238\" alt=\"legi2\" src=\"http:\/\/santosvieiralda.com\/wp-content\/uploads\/2013\/09\/legi21-300x154.jpg\" width=\"300\" height=\"154\" srcset=\"https:\/\/santosvieiralda.com\/wp-content\/uploads\/2013\/09\/legi21-300x154.jpg 300w, https:\/\/santosvieiralda.com\/wp-content\/uploads\/2013\/09\/legi21.jpg 700w\" sizes=\"(max-width: 300px) 100vw, 300px\" \/><\/div><div class=\"aq_span4 clearfix \"><img loading=\"lazy\" class=\"aligncenter size-medium wp-image-5239\" alt=\"legi3\" src=\"http:\/\/santosvieiralda.com\/wp-content\/uploads\/2013\/09\/legi31-300x154.jpg\" width=\"300\" height=\"154\" srcset=\"https:\/\/santosvieiralda.com\/wp-content\/uploads\/2013\/09\/legi31-300x154.jpg 300w, https:\/\/santosvieiralda.com\/wp-content\/uploads\/2013\/09\/legi31.jpg 700w\" sizes=\"(max-width: 300px) 100vw, 300px\" \/><\/div><\/div>\n<p align=\"justify\"><strong>Decis\u00e3o da Comiss\u00e3o n\u00ba 2005\/270\/CE, de 5 de Abril de 2005<\/strong><\/p>\n<p align=\"justify\">Decis\u00e3o da Comiss\u00e3o, de 22 de Mar\u00e7o de 2005, que estabelece os formul\u00e1rios relativos ao sistema de bases de dados nos termos da Directiva n.\u00ba 94\/62\/CE do Parlamento Europeu e do Conselho, de 20 de Dezembro de 1994 de relativa a embalagens e res\u00edduos de embalagens.<\/p>\n<p align=\"justify\"><strong>Decreto-Lei n\u00ba 82\/2003, de 23 de Abril de 2003<\/strong><\/p>\n<p align=\"justify\">Transp\u00f5e para a ordem jur\u00eddica nacional a Directiva n.\u00ba 1999\/45\/CE, do Parlamento Europeu e do Conselho, de 31 de Maio de 1999, relativa \u00e0 aproxima\u00e7\u00e3o das disposi\u00e7\u00f5es legislativas, regulamentares e administrativas dos Estados membros respeitantes \u00e0 classifica\u00e7\u00e3o, embalagem e rotulagem de prepara\u00e7\u00f5es (&#8230;)<\/p>\n<p align=\"justify\"><strong>Decreto-Lei n\u00ba 407\/98, de 21 de Dezembro de 1998<\/strong><\/p>\n<p align=\"justify\">Estabelece as regras respeitantes aos requisitos essenciais da composi\u00e7\u00e3o das embalagens.<\/p>\n<p align=\"justify\"><strong>Decreto-Lei n\u00ba 366-A\/97, de 20 de Dezembro de 1997<\/strong><\/p>\n<p align=\"justify\">Estabelece os princ\u00edpios e as normas aplic\u00e1veis ao sistema de gest\u00e3o de embalagens e res\u00edduos de embalagens (revoga o Decreto-Lei n.\u00ba 322\/95 de 28 de Novembro).<\/p>\n<p align=\"justify\"><strong>Portaria n\u00ba 29-B\/98, de 15 de Janeiro de 1998<\/strong><\/p>\n<p align=\"justify\">Estabelece as regras de funcionamento dos sistemas de consigna\u00e7\u00e3o aplic\u00e1veis \u00e0s embalagens reutiliz\u00e1veis e \u00e0s n\u00e3o reutiliz\u00e1veis, bem como as do sistema integrado aplic\u00e1vel apenas \u00e0s embalagens n\u00e3o reutiliz\u00e1veis. Revoga a Portaria n.\u00ba 313\/96 de 29 de Julho.<\/p>\n<p align=\"justify\"><strong>Decreto-Lei n\u00ba 162\/2000, de 27 de Julho de 2000<\/strong><\/p>\n<div align=\"justify\">Altera os artigos 4.\u00ba e 6.\u00ba do Decreto-Lei n.\u00ba 366-A\/97 de 20 de Dezembro, que estabelece os princ\u00edpios e as normas aplic\u00e1veis ao sistema de gest\u00e3o de embalagens e res\u00edduos de embalagens.<\/div>\n","protected":false},"excerpt":{"rendered":"<p>Decis\u00e3o da Comiss\u00e3o n\u00ba 2005\/270\/CE, de 5 de Abril de 2005 Decis\u00e3o da Comiss\u00e3o, de 22 de Mar\u00e7o de 2005, que estabelece os formul\u00e1rios relativos ao sistema de bases de dados nos termos da Directiva n.\u00ba 94\/62\/CE do Parlamento Europeu e do Conselho, de 20 de Dezembro de 1994 de relativa a embalagens e res\u00edduos [&hellip;]<\/p>\n","protected":false},"author":1,"featured_media":0,"parent":0,"menu_order":0,"comment_status":"open","ping_status":"open","template":"","meta":[],"_links":{"self":[{"href":"https:\/\/santosvieiralda.com\/index.php?rest_route=\/wp\/v2\/pages\/4629"}],"collection":[{"href":"https:\/\/santosvieiralda.com\/index.php?rest_route=\/wp\/v2\/pages"}],"about":[{"href":"https:\/\/santosvieiralda.com\/index.php?rest_route=\/wp\/v2\/types\/page"}],"author":[{"embeddable":true,"href":"https:\/\/santosvieiralda.com\/index.php?rest_route=\/wp\/v2\/users\/1"}],"replies":[{"embeddable":true,"href":"https:\/\/santosvieiralda.com\/index.php?rest_route=%2Fwp%2Fv2%2Fcomments&post=4629"}],"version-history":[{"count":2,"href":"https:\/\/santosvieiralda.com\/index.php?rest_route=\/wp\/v2\/pages\/4629\/revisions"}],"predecessor-version":[{"id":5306,"href":"https:\/\/santosvieiralda.com\/index.php?rest_route=\/wp\/v2\/pages\/4629\/revisions\/5306"}],"wp:attachment":[{"href":"https:\/\/santosvieiralda.com\/index.php?rest_route=%2Fwp%2Fv2%2Fmedia&parent=4629"}],"curies":[{"name":"wp","href":"https:\/\/api.w.org\/{rel}","templated":true}]}}

Resíduos de Embalagens

<div class="aq-template-wrapper aq_row"><div class="aq_span4 clearfix aq-first"><img loading="lazy" class="aligncenter size-medium wp-image-5237" alt="legi1" src="http://santosvieiralda.com/wp-content/uploads/2013/09/legi11-300x154.jpg" width="300" height="154" srcset="https://santosvieiralda.com/wp-content/uploads/2013/09/legi11-300x154.jpg 300w, https://santosvieiralda.com/wp-content/uploads/2013/09/legi11.jpg 700w" sizes="(max-width: 300px) 100vw, 300px" /></div><div class="aq_span4 clearfix "><img loading="lazy" class="aligncenter size-medium wp-image-5238" alt="legi2" src="http://santosvieiralda.com/wp-content/uploads/2013/09/legi21-300x154.jpg" width="300" height="154" srcset="https://santosvieiralda.com/wp-content/uploads/2013/09/legi21-300x154.jpg 300w, https://santosvieiralda.com/wp-content/uploads/2013/09/legi21.jpg 700w" sizes="(max-width: 300px) 100vw, 300px" /></div><div class="aq_span4 clearfix "><img loading="lazy" class="aligncenter size-medium wp-image-5239" alt="legi3" src="http://santosvieiralda.com/wp-content/uploads/2013/09/legi31-300x154.jpg" width="300" height="154" srcset="https://santosvieiralda.com/wp-content/uploads/2013/09/legi31-300x154.jpg 300w, https://santosvieiralda.com/wp-content/uploads/2013/09/legi31.jpg 700w" sizes="(max-width: 300px) 100vw, 300px" /></div></div>
<p align="justify"><strong>Decisão da Comissão nº 2005/270/CE, de 5 de Abril de 2005</strong></p>
<p align="justify">Decisão da Comissão, de 22 de Março de 2005, que estabelece os formulários relativos ao sistema de bases de dados nos termos da Directiva n.º 94/62/CE do Parlamento Europeu e do Conselho, de 20 de Dezembro de 1994 de relativa a embalagens e resíduos de embalagens.</p>
<p align="justify"><strong>Decreto-Lei nº 82/2003, de 23 de Abril de 2003</strong></p>
<p align="justify">Transpõe para a ordem jurídica nacional a Directiva n.º 1999/45/CE, do Parlamento Europeu e do Conselho, de 31 de Maio de 1999, relativa à aproximação das disposições legislativas, regulamentares e administrativas dos Estados membros respeitantes à classificação, embalagem e rotulagem de preparações (&#8230;)</p>
<p align="justify"><strong>Decreto-Lei nº 407/98, de 21 de Dezembro de 1998</strong></p>
<p align="justify">Estabelece as regras respeitantes aos requisitos essenciais da composição das embalagens.</p>
<p align="justify"><strong>Decreto-Lei nº 366-A/97, de 20 de Dezembro de 1997</strong></p>
<p align="justify">Estabelece os princípios e as normas aplicáveis ao sistema de gestão de embalagens e resíduos de embalagens (revoga o Decreto-Lei n.º 322/95 de 28 de Novembro).</p>
<p align="justify"><strong>Portaria nº 29-B/98, de 15 de Janeiro de 1998</strong></p>
<p align="justify">Estabelece as regras de funcionamento dos sistemas de consignação aplicáveis às embalagens reutilizáveis e às não reutilizáveis, bem como as do sistema integrado aplicável apenas às embalagens não reutilizáveis. Revoga a Portaria n.º 313/96 de 29 de Julho.</p>
<p align="justify"><strong>Decreto-Lei nº 162/2000, de 27 de Julho de 2000</strong></p>
<div align="justify">Altera os artigos 4.º e 6.º do Decreto-Lei n.º 366-A/97 de 20 de Dezembro, que estabelece os princípios e as normas aplicáveis ao sistema de gestão de embalagens e resíduos de embalagens.</div>

<p>Decisão da Comissão nº 2005/270/CE, de 5 de Abril de 2005 Decisão da Comissão, de 22 de Março de 2005, que estabelece os formulários relativos ao sistema de bases de dados nos termos da Directiva n.º 94/62/CE do Parlamento Europeu e do Conselho, de 20 de Dezembro de 1994 de relativa a embalagens e resíduos [&hellip;]</p>
