{"id":4631,"date":"2013-09-05T14:45:40","date_gmt":"2013-09-05T14:45:40","guid":{"rendered":"https:\/\/santosvieiralda.com\/?page_id=4631"},"modified":"2014-01-01T11:51:22","modified_gmt":"2014-01-01T11:51:22","slug":"residuos-de-equipamentos-eletricos-e-eletronicos","status":"publish","type":"page","link":"https:\/\/santosvieiralda.com\/?page_id=4631","title":{"rendered":"Res\u00edduos de Equipamentos El\u00e9tricos e Eletr\u00f3nicos"},"content":{"rendered":"<div class=\"aq-template-wrapper aq_row\"><div class=\"aq_span4 clearfix aq-first\"><img loading=\"lazy\" class=\"aligncenter size-medium wp-image-5237\" alt=\"legi1\" src=\"http:\/\/santosvieiralda.com\/wp-content\/uploads\/2013\/09\/legi11-300x154.jpg\" width=\"300\" height=\"154\" srcset=\"https:\/\/santosvieiralda.com\/wp-content\/uploads\/2013\/09\/legi11-300x154.jpg 300w, https:\/\/santosvieiralda.com\/wp-content\/uploads\/2013\/09\/legi11.jpg 700w\" sizes=\"(max-width: 300px) 100vw, 300px\" \/><\/div><div class=\"aq_span4 clearfix \"><img loading=\"lazy\" class=\"aligncenter size-medium wp-image-5238\" alt=\"legi2\" src=\"http:\/\/santosvieiralda.com\/wp-content\/uploads\/2013\/09\/legi21-300x154.jpg\" width=\"300\" height=\"154\" srcset=\"https:\/\/santosvieiralda.com\/wp-content\/uploads\/2013\/09\/legi21-300x154.jpg 300w, https:\/\/santosvieiralda.com\/wp-content\/uploads\/2013\/09\/legi21.jpg 700w\" sizes=\"(max-width: 300px) 100vw, 300px\" \/><\/div><div class=\"aq_span4 clearfix \"><img loading=\"lazy\" class=\"aligncenter size-medium wp-image-5239\" alt=\"legi3\" src=\"http:\/\/santosvieiralda.com\/wp-content\/uploads\/2013\/09\/legi31-300x154.jpg\" width=\"300\" height=\"154\" srcset=\"https:\/\/santosvieiralda.com\/wp-content\/uploads\/2013\/09\/legi31-300x154.jpg 300w, https:\/\/santosvieiralda.com\/wp-content\/uploads\/2013\/09\/legi31.jpg 700w\" sizes=\"(max-width: 300px) 100vw, 300px\" \/><\/div><\/div>\n<p align=\"justify\"><strong>Decreto-Lei n\u00ba 132\/2010, de 17 de Dezembro de 2010<\/strong><\/p>\n<p align=\"justify\">Altera o regime jur\u00eddico da gest\u00e3o de res\u00edduos de equipamentos el\u00e9ctricos e electr\u00f3nicos, aprovado pelo Decreto-Lei n.\u00ba 230\/2004, de 10 de Dezembro, e transp\u00f5e parcialmente a Directiva n.\u00ba 2008\/112\/CE, do Parlamento Europeu e do Conselho, de 16 de Dezembro<\/p>\n<p align=\"justify\"><strong>Despacho n\u00ba 7870\/2010, de 4 de Maio de 2010<\/strong><\/p>\n<p align=\"justify\">Aprova a tabela de valores das presta\u00e7\u00f5es financeiras a que se refere o n.\u00ba 1 da cl\u00e1usula 6.\u00aa da licen\u00e7a da AMB3E &#8211; Associa\u00e7\u00e3o Portuguesa de Gest\u00e3o de Res\u00edduos de Equipamentos El\u00e9ctricos e Electr\u00f3nicos a vigorar para o bi\u00e9nio de 2010-2011.<\/p>\n<p align=\"justify\"><strong>Despacho Conjunto n\u00ba 354\/2006, de 27 de Abril de 2006<\/strong><\/p>\n<p align=\"justify\">Licen\u00e7a de licenciamento de uma entidade gestora do Sistema Integrado de Gest\u00e3o de Res\u00edduos de Equipamentos El\u00e9ctricos e Electr\u00f3nicos (REEE), nos termos do Decreto-Lei n\u00ba 230\/2004, de 10 de Dezembro &#8211; AMB3E &#8211; Associa\u00e7\u00e3o Portuguesa de Gest\u00e3o de Res\u00edduos de Equipamentos El\u00e9ctricos e Electr\u00f3nicos, e tab (&#8230;)<\/p>\n<p align=\"justify\"><strong>Decreto-Lei n\u00ba 174\/2005, de 25 de Outubro de 2005<\/strong><\/p>\n<p align=\"justify\">Primeira altera\u00e7\u00e3o ao Decreto-Lei n\u00ba 230\/2004, de 10 de Dezembro, que estabelece o regime jur\u00eddico a que fica sujeita a gest\u00e3o de res\u00edduos de equipamentos el\u00e9ctricos e electr\u00f3nicos (REEE), transpondo para a ordem jur\u00eddica interna a Directiva n\u00ba 2002\/95\/CE, do Parlamento Europeu e do Conselho, de 27 d (&#8230;)<\/p>\n<p align=\"justify\"><strong>Decis\u00e3o da Comiss\u00e3o n\u00ba 2005\/369\/CE, de 11 de Maio de 2005<\/strong><\/p>\n<p align=\"justify\">Estabelece o regime jur\u00eddico a que fica sujeita a gest\u00e3o de res\u00edduos de equipamentos el\u00e9ctricos e electr\u00f3nicos (REEE), transpondo para a ordem jur\u00eddica interna a Directiva n\u00ba 2002\/95\/CE, do Parlamento Europeu e do Conselho, de 27 de Janeiro de 2003, e a Directiva n\u00ba 2002\/96\/CE, do Parlamento Europeu (&#8230;)<\/p>\n<p align=\"justify\"><strong>Decreto-Lei n\u00ba 230\/2004, de 12 de Dezembro de 2004<\/strong><\/p>\n<p align=\"justify\">Estabelece o regime jur\u00eddico a que fica sujeita a gest\u00e3o de res\u00edduos de equipamentos el\u00e9ctricos e electr\u00f3nicos (REEE), transpondo para a ordem jur\u00eddica interna a Directiva n\u00ba 2002\/95\/CE, do Parlamento Europeu e do Conselho, de 27 de Janeiro de 2003, e a Directiva n\u00ba 2002\/96\/CE, do Parlamento Europeu (&#8230;)<\/p>\n<p align=\"justify\"><strong>Decis\u00e3o da Comiss\u00e3o n\u00ba 2004\/249\/CE, de 16 de Mar\u00e7o de 2004<\/strong><\/p>\n<div align=\"justify\">Relativa a um question\u00e1rio que servir\u00e1 de base aos relat\u00f3rios dos Estados-Membros sobre a aplica\u00e7\u00e3o da Directiva n.\u00ba 2002\/96\/CE do Parlamento Europeu e do Conselho, de 27 de Janeiro de 2003, relativa aos res\u00edduos de equipamentos el\u00e9ctricos e electr\u00f3nicos.<\/div>\n","protected":false},"excerpt":{"rendered":"<p>Decreto-Lei n\u00ba 132\/2010, de 17 de Dezembro de 2010 Altera o regime jur\u00eddico da gest\u00e3o de res\u00edduos de equipamentos el\u00e9ctricos e electr\u00f3nicos, aprovado pelo Decreto-Lei n.\u00ba 230\/2004, de 10 de Dezembro, e transp\u00f5e parcialmente a Directiva n.\u00ba 2008\/112\/CE, do Parlamento Europeu e do Conselho, de 16 de Dezembro Despacho n\u00ba 7870\/2010, de 4 de Maio [&hellip;]<\/p>\n","protected":false},"author":1,"featured_media":0,"parent":0,"menu_order":0,"comment_status":"open","ping_status":"open","template":"","meta":[],"_links":{"self":[{"href":"https:\/\/santosvieiralda.com\/index.php?rest_route=\/wp\/v2\/pages\/4631"}],"collection":[{"href":"https:\/\/santosvieiralda.com\/index.php?rest_route=\/wp\/v2\/pages"}],"about":[{"href":"https:\/\/santosvieiralda.com\/index.php?rest_route=\/wp\/v2\/types\/page"}],"author":[{"embeddable":true,"href":"https:\/\/santosvieiralda.com\/index.php?rest_route=\/wp\/v2\/users\/1"}],"replies":[{"embeddable":true,"href":"https:\/\/santosvieiralda.com\/index.php?rest_route=%2Fwp%2Fv2%2Fcomments&post=4631"}],"version-history":[{"count":2,"href":"https:\/\/santosvieiralda.com\/index.php?rest_route=\/wp\/v2\/pages\/4631\/revisions"}],"predecessor-version":[{"id":5307,"href":"https:\/\/santosvieiralda.com\/index.php?rest_route=\/wp\/v2\/pages\/4631\/revisions\/5307"}],"wp:attachment":[{"href":"https:\/\/santosvieiralda.com\/index.php?rest_route=%2Fwp%2Fv2%2Fmedia&parent=4631"}],"curies":[{"name":"wp","href":"https:\/\/api.w.org\/{rel}","templated":true}]}}

Resíduos de Equipamentos Elétricos e Eletrónicos

<div class="aq-template-wrapper aq_row"><div class="aq_span4 clearfix aq-first"><img loading="lazy" class="aligncenter size-medium wp-image-5237" alt="legi1" src="http://santosvieiralda.com/wp-content/uploads/2013/09/legi11-300x154.jpg" width="300" height="154" srcset="https://santosvieiralda.com/wp-content/uploads/2013/09/legi11-300x154.jpg 300w, https://santosvieiralda.com/wp-content/uploads/2013/09/legi11.jpg 700w" sizes="(max-width: 300px) 100vw, 300px" /></div><div class="aq_span4 clearfix "><img loading="lazy" class="aligncenter size-medium wp-image-5238" alt="legi2" src="http://santosvieiralda.com/wp-content/uploads/2013/09/legi21-300x154.jpg" width="300" height="154" srcset="https://santosvieiralda.com/wp-content/uploads/2013/09/legi21-300x154.jpg 300w, https://santosvieiralda.com/wp-content/uploads/2013/09/legi21.jpg 700w" sizes="(max-width: 300px) 100vw, 300px" /></div><div class="aq_span4 clearfix "><img loading="lazy" class="aligncenter size-medium wp-image-5239" alt="legi3" src="http://santosvieiralda.com/wp-content/uploads/2013/09/legi31-300x154.jpg" width="300" height="154" srcset="https://santosvieiralda.com/wp-content/uploads/2013/09/legi31-300x154.jpg 300w, https://santosvieiralda.com/wp-content/uploads/2013/09/legi31.jpg 700w" sizes="(max-width: 300px) 100vw, 300px" /></div></div>
<p align="justify"><strong>Decreto-Lei nº 132/2010, de 17 de Dezembro de 2010</strong></p>
<p align="justify">Altera o regime jurídico da gestão de resíduos de equipamentos eléctricos e electrónicos, aprovado pelo Decreto-Lei n.º 230/2004, de 10 de Dezembro, e transpõe parcialmente a Directiva n.º 2008/112/CE, do Parlamento Europeu e do Conselho, de 16 de Dezembro</p>
<p align="justify"><strong>Despacho nº 7870/2010, de 4 de Maio de 2010</strong></p>
<p align="justify">Aprova a tabela de valores das prestações financeiras a que se refere o n.º 1 da cláusula 6.ª da licença da AMB3E &#8211; Associação Portuguesa de Gestão de Resíduos de Equipamentos Eléctricos e Electrónicos a vigorar para o biénio de 2010-2011.</p>
<p align="justify"><strong>Despacho Conjunto nº 354/2006, de 27 de Abril de 2006</strong></p>
<p align="justify">Licença de licenciamento de uma entidade gestora do Sistema Integrado de Gestão de Resíduos de Equipamentos Eléctricos e Electrónicos (REEE), nos termos do Decreto-Lei nº 230/2004, de 10 de Dezembro &#8211; AMB3E &#8211; Associação Portuguesa de Gestão de Resíduos de Equipamentos Eléctricos e Electrónicos, e tab (&#8230;)</p>
<p align="justify"><strong>Decreto-Lei nº 174/2005, de 25 de Outubro de 2005</strong></p>
<p align="justify">Primeira alteração ao Decreto-Lei nº 230/2004, de 10 de Dezembro, que estabelece o regime jurídico a que fica sujeita a gestão de resíduos de equipamentos eléctricos e electrónicos (REEE), transpondo para a ordem jurídica interna a Directiva nº 2002/95/CE, do Parlamento Europeu e do Conselho, de 27 d (&#8230;)</p>
<p align="justify"><strong>Decisão da Comissão nº 2005/369/CE, de 11 de Maio de 2005</strong></p>
<p align="justify">Estabelece o regime jurídico a que fica sujeita a gestão de resíduos de equipamentos eléctricos e electrónicos (REEE), transpondo para a ordem jurídica interna a Directiva nº 2002/95/CE, do Parlamento Europeu e do Conselho, de 27 de Janeiro de 2003, e a Directiva nº 2002/96/CE, do Parlamento Europeu (&#8230;)</p>
<p align="justify"><strong>Decreto-Lei nº 230/2004, de 12 de Dezembro de 2004</strong></p>
<p align="justify">Estabelece o regime jurídico a que fica sujeita a gestão de resíduos de equipamentos eléctricos e electrónicos (REEE), transpondo para a ordem jurídica interna a Directiva nº 2002/95/CE, do Parlamento Europeu e do Conselho, de 27 de Janeiro de 2003, e a Directiva nº 2002/96/CE, do Parlamento Europeu (&#8230;)</p>
<p align="justify"><strong>Decisão da Comissão nº 2004/249/CE, de 16 de Março de 2004</strong></p>
<div align="justify">Relativa a um questionário que servirá de base aos relatórios dos Estados-Membros sobre a aplicação da Directiva n.º 2002/96/CE do Parlamento Europeu e do Conselho, de 27 de Janeiro de 2003, relativa aos resíduos de equipamentos eléctricos e electrónicos.</div>

<p>Decreto-Lei nº 132/2010, de 17 de Dezembro de 2010 Altera o regime jurídico da gestão de resíduos de equipamentos eléctricos e electrónicos, aprovado pelo Decreto-Lei n.º 230/2004, de 10 de Dezembro, e transpõe parcialmente a Directiva n.º 2008/112/CE, do Parlamento Europeu e do Conselho, de 16 de Dezembro Despacho nº 7870/2010, de 4 de Maio [&hellip;]</p>
