{"id":4633,"date":"2013-09-05T14:46:36","date_gmt":"2013-09-05T14:46:36","guid":{"rendered":"https:\/\/santosvieiralda.com\/?page_id=4633"},"modified":"2014-01-01T11:52:01","modified_gmt":"2014-01-01T11:52:01","slug":"transportes-2","status":"publish","type":"page","link":"https:\/\/santosvieiralda.com\/?page_id=4633","title":{"rendered":"Transportes"},"content":{"rendered":"<div class=\"aq-template-wrapper aq_row\"><div class=\"aq_span4 clearfix aq-first\"><img loading=\"lazy\" class=\"aligncenter size-medium wp-image-5237\" alt=\"legi1\" src=\"http:\/\/santosvieiralda.com\/wp-content\/uploads\/2013\/09\/legi11-300x154.jpg\" width=\"300\" height=\"154\" srcset=\"https:\/\/santosvieiralda.com\/wp-content\/uploads\/2013\/09\/legi11-300x154.jpg 300w, https:\/\/santosvieiralda.com\/wp-content\/uploads\/2013\/09\/legi11.jpg 700w\" sizes=\"(max-width: 300px) 100vw, 300px\" \/><\/div><div class=\"aq_span4 clearfix \"><img loading=\"lazy\" class=\"aligncenter size-medium wp-image-5238\" alt=\"legi2\" src=\"http:\/\/santosvieiralda.com\/wp-content\/uploads\/2013\/09\/legi21-300x154.jpg\" width=\"300\" height=\"154\" srcset=\"https:\/\/santosvieiralda.com\/wp-content\/uploads\/2013\/09\/legi21-300x154.jpg 300w, https:\/\/santosvieiralda.com\/wp-content\/uploads\/2013\/09\/legi21.jpg 700w\" sizes=\"(max-width: 300px) 100vw, 300px\" \/><\/div><div class=\"aq_span4 clearfix \"><img loading=\"lazy\" class=\"aligncenter size-medium wp-image-5239\" alt=\"legi3\" src=\"http:\/\/santosvieiralda.com\/wp-content\/uploads\/2013\/09\/legi31-300x154.jpg\" width=\"300\" height=\"154\" srcset=\"https:\/\/santosvieiralda.com\/wp-content\/uploads\/2013\/09\/legi31-300x154.jpg 300w, https:\/\/santosvieiralda.com\/wp-content\/uploads\/2013\/09\/legi31.jpg 700w\" sizes=\"(max-width: 300px) 100vw, 300px\" \/><\/div><\/div>\n<p align=\"justify\"><strong>Portaria n\u00ba 242\/2008, de 18 de Mar\u00e7o de 2008<\/strong><\/p>\n<p align=\"justify\">Estabelece os termos do pagamento de taxas a cobrar pela Ag\u00eancia Portuguesa do Ambiente (APA) pela aprecia\u00e7\u00e3o dos procedimentos relativos \u00e0 notifica\u00e7\u00e3o de transfer\u00eancia de res\u00edduos que se destine \u00e0 importa\u00e7\u00e3o, exporta\u00e7\u00e3o e tr\u00e2nsito, e revoga a Portaria n.\u00ba 830\/2005, de 16 de Setembro de 2005<\/p>\n<p align=\"justify\"><strong>Decreto-Lei n\u00ba 45\/2008, de 11 de Mar\u00e7o de 2008<\/strong><\/p>\n<p align=\"justify\">Assegura a execu\u00e7\u00e3o e garante o cumprimento, na ordem jur\u00eddica interna, das obriga\u00e7\u00f5es decorrentes para o Estado Portugu\u00eas do Regulamento (CE) n.\u00ba 1013\/2006, do Parlamento Europeu e do Conselho, de 14 de Junho de 2006, relativo \u00e0 transfer\u00eancia de res\u00edduos, e revoga o Decreto-Lei n.\u00ba 296\/95, de 17 de (&#8230;)<\/p>\n<p align=\"justify\"><strong>Regulamento (CE) n\u00ba 1013\/2006, de 12 de Julho de 2006<\/strong><\/p>\n<p align=\"justify\">Relativo a transfer\u00eancias de res\u00edduos.<\/p>\n<p align=\"justify\"><strong>Portaria n\u00ba 335\/97, de 16 de Maio de 1997<\/strong><\/p>\n<div align=\"justify\">Fixa as regras a que fica sujeito o transporte de res\u00edduos dentro do territ\u00f3rio nacional.<\/div>\n","protected":false},"excerpt":{"rendered":"<p>Portaria n\u00ba 242\/2008, de 18 de Mar\u00e7o de 2008 Estabelece os termos do pagamento de taxas a cobrar pela Ag\u00eancia Portuguesa do Ambiente (APA) pela aprecia\u00e7\u00e3o dos procedimentos relativos \u00e0 notifica\u00e7\u00e3o de transfer\u00eancia de res\u00edduos que se destine \u00e0 importa\u00e7\u00e3o, exporta\u00e7\u00e3o e tr\u00e2nsito, e revoga a Portaria n.\u00ba 830\/2005, de 16 de Setembro de 2005 [&hellip;]<\/p>\n","protected":false},"author":1,"featured_media":0,"parent":0,"menu_order":0,"comment_status":"open","ping_status":"open","template":"","meta":[],"_links":{"self":[{"href":"https:\/\/santosvieiralda.com\/index.php?rest_route=\/wp\/v2\/pages\/4633"}],"collection":[{"href":"https:\/\/santosvieiralda.com\/index.php?rest_route=\/wp\/v2\/pages"}],"about":[{"href":"https:\/\/santosvieiralda.com\/index.php?rest_route=\/wp\/v2\/types\/page"}],"author":[{"embeddable":true,"href":"https:\/\/santosvieiralda.com\/index.php?rest_route=\/wp\/v2\/users\/1"}],"replies":[{"embeddable":true,"href":"https:\/\/santosvieiralda.com\/index.php?rest_route=%2Fwp%2Fv2%2Fcomments&post=4633"}],"version-history":[{"count":2,"href":"https:\/\/santosvieiralda.com\/index.php?rest_route=\/wp\/v2\/pages\/4633\/revisions"}],"predecessor-version":[{"id":5308,"href":"https:\/\/santosvieiralda.com\/index.php?rest_route=\/wp\/v2\/pages\/4633\/revisions\/5308"}],"wp:attachment":[{"href":"https:\/\/santosvieiralda.com\/index.php?rest_route=%2Fwp%2Fv2%2Fmedia&parent=4633"}],"curies":[{"name":"wp","href":"https:\/\/api.w.org\/{rel}","templated":true}]}}

<div class="aq-template-wrapper aq_row"><div class="aq_span4 clearfix aq-first"><img loading="lazy" class="aligncenter size-medium wp-image-5237" alt="legi1" src="http://santosvieiralda.com/wp-content/uploads/2013/09/legi11-300x154.jpg" width="300" height="154" srcset="https://santosvieiralda.com/wp-content/uploads/2013/09/legi11-300x154.jpg 300w, https://santosvieiralda.com/wp-content/uploads/2013/09/legi11.jpg 700w" sizes="(max-width: 300px) 100vw, 300px" /></div><div class="aq_span4 clearfix "><img loading="lazy" class="aligncenter size-medium wp-image-5238" alt="legi2" src="http://santosvieiralda.com/wp-content/uploads/2013/09/legi21-300x154.jpg" width="300" height="154" srcset="https://santosvieiralda.com/wp-content/uploads/2013/09/legi21-300x154.jpg 300w, https://santosvieiralda.com/wp-content/uploads/2013/09/legi21.jpg 700w" sizes="(max-width: 300px) 100vw, 300px" /></div><div class="aq_span4 clearfix "><img loading="lazy" class="aligncenter size-medium wp-image-5239" alt="legi3" src="http://santosvieiralda.com/wp-content/uploads/2013/09/legi31-300x154.jpg" width="300" height="154" srcset="https://santosvieiralda.com/wp-content/uploads/2013/09/legi31-300x154.jpg 300w, https://santosvieiralda.com/wp-content/uploads/2013/09/legi31.jpg 700w" sizes="(max-width: 300px) 100vw, 300px" /></div></div>
<p align="justify"><strong>Portaria nº 242/2008, de 18 de Março de 2008</strong></p>
<p align="justify">Estabelece os termos do pagamento de taxas a cobrar pela Agência Portuguesa do Ambiente (APA) pela apreciação dos procedimentos relativos à notificação de transferência de resíduos que se destine à importação, exportação e trânsito, e revoga a Portaria n.º 830/2005, de 16 de Setembro de 2005</p>
<p align="justify"><strong>Decreto-Lei nº 45/2008, de 11 de Março de 2008</strong></p>
<p align="justify">Assegura a execução e garante o cumprimento, na ordem jurídica interna, das obrigações decorrentes para o Estado Português do Regulamento (CE) n.º 1013/2006, do Parlamento Europeu e do Conselho, de 14 de Junho de 2006, relativo à transferência de resíduos, e revoga o Decreto-Lei n.º 296/95, de 17 de (&#8230;)</p>
<p align="justify"><strong>Regulamento (CE) nº 1013/2006, de 12 de Julho de 2006</strong></p>
<p align="justify">Relativo a transferências de resíduos.</p>
<p align="justify"><strong>Portaria nº 335/97, de 16 de Maio de 1997</strong></p>
<div align="justify">Fixa as regras a que fica sujeito o transporte de resíduos dentro do território nacional.</div>

<p>Portaria nº 242/2008, de 18 de Março de 2008 Estabelece os termos do pagamento de taxas a cobrar pela Agência Portuguesa do Ambiente (APA) pela apreciação dos procedimentos relativos à notificação de transferência de resíduos que se destine à importação, exportação e trânsito, e revoga a Portaria n.º 830/2005, de 16 de Setembro de 2005 [&hellip;]</p>
